Last updated on 2025-11-15 11:50:57 CET.
| Flavor | Version | Tinstall | Tcheck | Ttotal | Status | Flags |
|---|---|---|---|---|---|---|
| r-devel-linux-x86_64-debian-clang | 0.3.10 | 9.14 | 24.48 | 33.62 | OK | |
| r-devel-linux-x86_64-debian-gcc | 0.3.10 | 7.41 | 20.48 | 27.89 | OK | |
| r-devel-linux-x86_64-fedora-clang | 0.3.10 | 20.00 | 32.60 | 52.60 | OK | |
| r-devel-linux-x86_64-fedora-gcc | 0.3.10 | 22.00 | 43.45 | 65.45 | OK | |
| r-devel-windows-x86_64 | 0.3.10 | 35.00 | 50.00 | 85.00 | OK | |
| r-patched-linux-x86_64 | 0.3.10 | 8.53 | 23.17 | 31.70 | OK | |
| r-release-linux-x86_64 | 0.3.10 | 8.60 | 23.14 | 31.74 | OK | |
| r-release-macos-arm64 | 0.3.10 | 6.00 | 52.00 | 58.00 | OK | |
| r-release-macos-x86_64 | 0.3.10 | 10.00 | 46.00 | 56.00 | OK | |
| r-release-windows-x86_64 | 0.3.10 | 27.00 | 49.00 | 76.00 | OK | |
| r-oldrel-macos-arm64 | 0.3.10 | 7.00 | 49.00 | 56.00 | NOTE | |
| r-oldrel-macos-x86_64 | 0.3.10 | 10.00 | 48.00 | 58.00 | NOTE | |
| r-oldrel-windows-x86_64 | 0.3.10 | 30.00 | 59.00 | 89.00 | NOTE |
Version: 0.3.10
Check: for GNU extensions in Makefiles
Result: NOTE
GNU make is a SystemRequirements.
Flavors: r-oldrel-macos-arm64, r-oldrel-macos-x86_64, r-oldrel-windows-x86_64