Last updated on 2025-10-26 10:50:02 CET.
| Flavor | Version | Tinstall | Tcheck | Ttotal | Status | Flags |
|---|---|---|---|---|---|---|
| r-devel-linux-x86_64-debian-clang | 1.4.4 | 31.29 | 34.36 | 65.65 | NOTE | |
| r-devel-linux-x86_64-debian-gcc | 1.4.4 | 19.49 | 26.77 | 46.26 | NOTE | |
| r-devel-linux-x86_64-fedora-clang | 1.4.4 | 252.00 | -120.75 | 131.25 | OK | |
| r-devel-linux-x86_64-fedora-gcc | 1.4.4 | 64.00 | 37.12 | 101.12 | OK | |
| r-devel-windows-x86_64 | 1.4.4 | 47.00 | 77.00 | 124.00 | OK | |
| r-patched-linux-x86_64 | 1.4.4 | 29.12 | 32.27 | 61.39 | OK | |
| r-release-linux-x86_64 | 1.4.4 | 27.58 | 32.11 | 59.69 | OK | |
| r-release-macos-arm64 | 1.4.4 | 21.00 | 46.00 | 67.00 | OK | |
| r-release-macos-x86_64 | 1.4.4 | 20.00 | 56.00 | 76.00 | OK | |
| r-release-windows-x86_64 | 1.4.4 | 48.00 | 79.00 | 127.00 | OK | |
| r-oldrel-macos-arm64 | 1.4.4 | 15.00 | 39.00 | 54.00 | OK | |
| r-oldrel-macos-x86_64 | 1.4.4 | 20.00 | 55.00 | 75.00 | OK | |
| r-oldrel-windows-x86_64 | 1.4.4 | 52.00 | 97.00 | 149.00 | OK |
Version: 1.4.4
Check: CRAN incoming feasibility
Result: NOTE
Maintainer: ‘Jouni Helske <jouni.helske@iki.fi>’
Found the following (possibly) invalid file URI:
URI: https//cranlogs.r-pkg.org:443/badges/Rlibeemd
From: README.md
Flavors: r-devel-linux-x86_64-debian-clang, r-devel-linux-x86_64-debian-gcc