CRAN Package Check Results for Package Rfit

Last updated on 2025-11-22 09:50:04 CET.

Flavor Version Tinstall Tcheck Ttotal Status Flags
r-devel-linux-x86_64-debian-clang 0.27.0 4.54 32.77 37.31 NOTE
r-devel-linux-x86_64-debian-gcc 0.27.0 3.43 25.93 29.36 NOTE
r-devel-linux-x86_64-fedora-clang 0.27.0 10.00 45.64 55.64 OK
r-devel-windows-x86_64 0.27.0 11.00 55.00 66.00 OK
r-patched-linux-x86_64 0.27.0 4.53 30.49 35.02 OK
r-release-linux-x86_64 0.27.0 3.77 30.64 34.41 OK
r-release-macos-arm64 0.27.0 OK
r-release-macos-x86_64 0.27.0 5.00 32.00 37.00 OK
r-release-windows-x86_64 0.27.0 10.00 54.00 64.00 OK
r-oldrel-macos-arm64 0.27.0 OK
r-oldrel-macos-x86_64 0.27.0 4.00 27.00 31.00 OK
r-oldrel-windows-x86_64 0.27.0 10.00 64.00 74.00 OK

Check Details

Version: 0.27.0
Check: CRAN incoming feasibility
Result: NOTE Maintainer: ‘John Kloke <johndkloke@gmail.com>’ No Authors@R field in DESCRIPTION. Please add one, modifying Authors@R: c(person(given = "John", family = "Kloke", role = c("aut", "cre"), email = "johndkloke@gmail.com"), person(given = "Joseph", family = "McKean", role = "aut")) as necessary. Flavors: r-devel-linux-x86_64-debian-clang, r-devel-linux-x86_64-debian-gcc