Last updated on 2025-11-23 12:50:01 CET.
| Flavor | Version | Tinstall | Tcheck | Ttotal | Status | Flags |
|---|---|---|---|---|---|---|
| r-devel-linux-x86_64-debian-clang | 1.0.1 | 8.08 | 64.47 | 72.55 | NOTE | |
| r-devel-linux-x86_64-debian-gcc | 1.0.1 | 5.48 | 48.91 | 54.39 | NOTE | |
| r-devel-linux-x86_64-fedora-clang | 1.0.1 | 18.00 | 92.86 | 110.86 | OK | |
| r-devel-windows-x86_64 | 1.0.1 | 9.00 | 77.00 | 86.00 | OK | |
| r-patched-linux-x86_64 | 1.0.1 | 7.77 | 62.30 | 70.07 | OK | |
| r-release-linux-x86_64 | 1.0.1 | 6.88 | 62.23 | 69.11 | OK | |
| r-release-macos-arm64 | 1.0.1 | OK | ||||
| r-release-macos-x86_64 | 1.0.1 | 6.00 | 49.00 | 55.00 | OK | |
| r-release-windows-x86_64 | 1.0.1 | 9.00 | 101.00 | 110.00 | OK | |
| r-oldrel-macos-arm64 | 1.0.1 | OK | ||||
| r-oldrel-macos-x86_64 | 1.0.1 | 5.00 | 40.00 | 45.00 | OK | |
| r-oldrel-windows-x86_64 | 1.0.1 | 13.00 | 91.00 | 104.00 | OK |
Version: 1.0.1
Check: CRAN incoming feasibility
Result: NOTE
Maintainer: ‘Hyungsuk Tak <hyungsuk.tak@gmail.com>’
No Authors@R field in DESCRIPTION.
Please add one, modifying
Authors@R: c(person(given = "Hyungsuk",
family = "Tak",
role = c("aut", "cre"),
email = "hyungsuk.tak@gmail.com"),
person(given = "Kisung",
family = "You",
role = "aut"),
person(given = c("Sujit", "K."),
family = "Ghosh",
role = "aut"),
person(given = "Bingyue",
family = "Su",
role = "aut"))
as necessary.
Flavors: r-devel-linux-x86_64-debian-clang, r-devel-linux-x86_64-debian-gcc