Last updated on 2025-11-03 09:49:41 CET.
| Flavor | Version | Tinstall | Tcheck | Ttotal | Status | Flags | 
|---|---|---|---|---|---|---|
| r-devel-linux-x86_64-debian-clang | 0.3-1 | 17.93 | 142.73 | 160.66 | NOTE | |
| r-devel-linux-x86_64-debian-gcc | 0.3-1 | 13.14 | 108.42 | 121.56 | NOTE | |
| r-devel-linux-x86_64-fedora-clang | 0.3-1 | 38.00 | 219.46 | 257.46 | OK | |
| r-devel-linux-x86_64-fedora-gcc | 0.3-1 | 37.00 | 203.76 | 240.76 | OK | |
| r-devel-windows-x86_64 | 0.3-1 | 23.00 | 242.00 | 265.00 | OK | |
| r-patched-linux-x86_64 | 0.3-1 | 15.45 | 138.27 | 153.72 | OK | |
| r-release-linux-x86_64 | 0.3-1 | 17.43 | 136.67 | 154.10 | OK | |
| r-release-macos-arm64 | 0.3-1 | 7.00 | 67.00 | 74.00 | OK | |
| r-release-macos-x86_64 | 0.3-1 | 15.00 | 114.00 | 129.00 | OK | |
| r-release-windows-x86_64 | 0.3-1 | 21.00 | 214.00 | 235.00 | OK | |
| r-oldrel-macos-arm64 | 0.3-1 | 6.00 | 65.00 | 71.00 | OK | |
| r-oldrel-macos-x86_64 | 0.3-1 | 12.00 | 91.00 | 103.00 | OK | |
| r-oldrel-windows-x86_64 | 0.3-1 | 25.00 | 171.00 | 196.00 | OK | 
Version: 0.3-1
Check: CRAN incoming feasibility
Result: NOTE
  Maintainer: ‘Liviu Andronic <landronimirc@gmail.com>’
  
  No Authors@R field in DESCRIPTION.
  Please add one, modifying
    Authors@R: person(given = "Liviu",
                      family = "Andronic",
                      role = c("aut", "cre"),
                      email = "landronimirc@gmail.com")
  as necessary.
Flavors: r-devel-linux-x86_64-debian-clang, r-devel-linux-x86_64-debian-gcc