Last updated on 2025-11-21 09:49:14 CET.
| Flavor | Version | Tinstall | Tcheck | Ttotal | Status | Flags |
|---|---|---|---|---|---|---|
| r-devel-linux-x86_64-debian-clang | 0.3.3 | 6.51 | 69.47 | 75.98 | NOTE | |
| r-devel-linux-x86_64-debian-gcc | 0.3.3 | 5.39 | 54.18 | 59.57 | NOTE | |
| r-devel-linux-x86_64-fedora-clang | 0.3.3 | 14.00 | 112.49 | 126.49 | OK | |
| r-devel-linux-x86_64-fedora-gcc | 0.3.3 | 19.00 | 118.08 | 137.08 | OK | |
| r-devel-windows-x86_64 | 0.3.3 | 9.00 | 124.00 | 133.00 | OK | |
| r-patched-linux-x86_64 | 0.3.3 | 6.41 | 67.76 | 74.17 | OK | |
| r-release-linux-x86_64 | 0.3.3 | 6.19 | 67.58 | 73.77 | OK | |
| r-release-macos-arm64 | 0.3.3 | OK | ||||
| r-release-macos-x86_64 | 0.3.3 | 6.00 | 80.00 | 86.00 | OK | |
| r-release-windows-x86_64 | 0.3.3 | 8.00 | 140.00 | 148.00 | OK | |
| r-oldrel-macos-arm64 | 0.3.3 | OK | ||||
| r-oldrel-macos-x86_64 | 0.3.3 | 5.00 | 58.00 | 63.00 | OK | |
| r-oldrel-windows-x86_64 | 0.3.3 | 11.00 | 114.00 | 125.00 | OK |
Version: 0.3.3
Check: CRAN incoming feasibility
Result: NOTE
Maintainer: ‘Qiao Liu <liuqiao@stanford.edu>’
The Description field contains
methods is given in Liu (2022) <arXiv:2212.05925>.
Please refer to arXiv e-prints via their arXiv DOI <doi:10.48550/arXiv.YYMM.NNNNN>.
Flavors: r-devel-linux-x86_64-debian-clang, r-devel-linux-x86_64-debian-gcc