Last updated on 2025-10-21 09:48:42 CEST.
Flavor | Version | Tinstall | Tcheck | Ttotal | Status | Flags |
---|---|---|---|---|---|---|
r-devel-linux-x86_64-debian-clang | 0.2.0 | 2.52 | 25.62 | 28.14 | OK | |
r-devel-linux-x86_64-debian-gcc | 0.2.0 | 1.85 | 20.46 | 22.31 | NOTE | |
r-devel-linux-x86_64-fedora-clang | 0.2.0 | 40.64 | NOTE | |||
r-devel-linux-x86_64-fedora-gcc | 0.2.0 | 38.17 | NOTE | |||
r-devel-windows-x86_64 | 0.2.0 | 4.00 | 42.00 | 46.00 | OK | |
r-patched-linux-x86_64 | 0.2.0 | 2.43 | 23.65 | 26.08 | OK | |
r-release-linux-x86_64 | 0.2.0 | 2.22 | 23.33 | 25.55 | OK | |
r-release-macos-arm64 | 0.2.0 | 19.00 | OK | |||
r-release-macos-x86_64 | 0.2.0 | 42.00 | OK | |||
r-release-windows-x86_64 | 0.2.0 | 6.00 | 43.00 | 49.00 | OK | |
r-oldrel-macos-arm64 | 0.2.0 | 18.00 | OK | |||
r-oldrel-macos-x86_64 | 0.2.0 | 37.00 | OK | |||
r-oldrel-windows-x86_64 | 0.2.0 | 6.00 | 49.00 | 55.00 | OK |
Version: 0.2.0
Check: HTML version of manual
Result: NOTE
Found the following HTML validation problems:
RagGrid-shiny.html:68:1 (RagGrid-shiny.Rd:25): Warning: missing </ul> before </div>
depPath.html:46:1 (depPath.Rd:10): Warning: missing </ul> before </div>
formatColumns.html:55:1 (formatColumns.Rd:15): Warning: missing </ul> before </div>
getDeps.html:50:1 (getDeps.Rd:12): Warning: missing </ul> before </div>
Flavor: r-devel-linux-x86_64-debian-gcc
Version: 0.2.0
Check: dependencies in R code
Result: NOTE
Namespace in Imports field not imported from: ‘knitr’
All declared Imports should be used.
Flavors: r-devel-linux-x86_64-fedora-clang, r-devel-linux-x86_64-fedora-gcc