Last updated on 2025-10-22 09:50:50 CEST.
Flavor | Version | Tinstall | Tcheck | Ttotal | Status | Flags |
---|---|---|---|---|---|---|
r-devel-linux-x86_64-debian-clang | 0.2.2 | 4.59 | 44.43 | 49.02 | NOTE | |
r-devel-linux-x86_64-debian-gcc | 0.2.2 | 3.48 | 35.14 | 38.62 | NOTE | |
r-devel-linux-x86_64-fedora-clang | 0.2.2 | 11.00 | 61.56 | 72.56 | OK | |
r-devel-linux-x86_64-fedora-gcc | 0.2.2 | 83.83 | OK | |||
r-devel-windows-x86_64 | 0.2.2 | 6.00 | 63.00 | 69.00 | OK | |
r-patched-linux-x86_64 | 0.2.2 | 5.72 | 41.07 | 46.79 | OK | |
r-release-linux-x86_64 | 0.2.2 | 4.45 | 41.19 | 45.64 | OK | |
r-release-macos-arm64 | 0.2.2 | 2.00 | 38.00 | 40.00 | OK | |
r-release-macos-x86_64 | 0.2.2 | 5.00 | 55.00 | 60.00 | OK | |
r-release-windows-x86_64 | 0.2.2 | 6.00 | 73.00 | 79.00 | OK | |
r-oldrel-macos-arm64 | 0.2.2 | 2.00 | 28.00 | 30.00 | OK | |
r-oldrel-macos-x86_64 | 0.2.2 | 3.00 | 43.00 | 46.00 | OK | |
r-oldrel-windows-x86_64 | 0.2.2 | 8.00 | 77.00 | 85.00 | OK |
Version: 0.2.2
Check: HTML version of manual
Result: NOTE
Found the following HTML validation problems:
RSQL.class.html:220:1 (RSQL.class.Rd:158): Warning: <h5> anchor "Usage" already defined
RSQL.class.html:243:1 (RSQL.class.Rd:171): Warning: <h5> anchor "Usage" already defined
RSQL.class.html:249:1 (RSQL.class.Rd:175): Warning: <h5> anchor "Returns" already defined
RSQL.class.html:266:1 (RSQL.class.Rd:184): Warning: <h5> anchor "Usage" already defined
RSQL.class.html:272:1 (RSQL.class.Rd:188): Warning: <h5> anchor "Returns" already defined
RSQL.class.html:289:1 (RSQL.class.Rd:197): Warning: <h5> anchor "Usage" already defined
RSQL.class.html:295:1 (RSQL.class.Rd:201): Warning: <h5> anchor "Arguments" already defined
RSQL.class.html:308:1 (RSQL.class.Rd:208): Warning: <h5> anchor "Returns" already defined
RSQL.class.html:325:1 (RSQL.class.Rd:217): Warning: <h5> anchor "Usage" already defined
RSQL.class.html:341:1 (RSQL.class.Rd:227): Warning: <h5> anchor "Usage" already defined
RSQL.class.html:347:1 (RSQL.class.Rd:231): Warning: <h5> anchor "Arguments" already defined
RSQL.class.html:372:1 (RSQL.class.Rd:246): Warning: <h5> anchor "Usage" already defined
RSQL.class.html:387:1 (RSQL.class.Rd:259): Warning: <h5> anchor "Arguments" already defined
RSQL.class.html:424:1 (RSQL.class.Rd:286): Warning: <h5> anchor "Usage" already defined
RSQL.class.html:430:1 (RSQL.class.Rd:290): Warning: <h5> anchor "Arguments" already defined
RSQL.class.html:457:1 (RSQL.class.Rd:307): Warning: <h5> anchor "Usage" already defined
RSQL.class.html:469:1 (RSQL.class.Rd:317): Warning: <h5> anchor "Arguments" already defined
RSQL.class.html:500:1 (RSQL.class.Rd:338): Warning: <h5> anchor "Usage" already defined
RSQL.class.html:510:1 (RSQL.class.Rd:346): Warning: <h5> anchor "Arguments" already defined
RSQL.class.html:537:1 (RSQL.class.Rd:363): Warning: <h5> anchor "Usage" already defined
RSQL.class.html:543:1 (RSQL.class.Rd:367): Warning: <h5> anchor "Arguments" already defined
RSQL.class.html:566:1 (RSQL.class.Rd:380): Warning: <h5> anchor "Usage" already defined
RSQL.class.html:572:1 (RSQL.class.Rd:384): Warning: <h5> anchor "Arguments" already defined
RSQL.class.html:595:1 (RSQL.class.Rd:397): Warning: <h5> anchor "Usage" already defined
RSQL.class.html:601:1 (RSQL.class.Rd:401): Warning: <h5> anchor "Arguments" already defined
RSQL.class.html:624:1 (RSQL.class.Rd:414): Warning: <h5> anchor "Usage" already defined
RSQL.class.html:630:1 (RSQL.class.Rd:418): Warning: <h5> anchor "Arguments" already defined
RSQL.class.html:655:1 (RSQL.class.Rd:433): Warning: <h5> anchor "Usage" already defined
RSQL.class.html:661:1 (RSQL.class.Rd:437): Warning: <h5> anchor "Arguments" already defined
RSQL.class.html:684:1 (RSQL.class.Rd:450): Warning: <h5> anchor "Usage" already defined
RSQL.class.html:690:1 (RSQL.class.Rd:454): Warning: <h5> anchor "Arguments" already defined
RSQL.class.html:713:1 (RSQL.class.Rd:467): Warning: <h5> anchor "Usage" already defined
RSQL.class.html:726:1 (RSQL.class.Rd:478): Warning: <h5> anchor "Arguments" already defined
RSQL.class.html:759:1 (RSQL.class.Rd:501): Warning: <h5> anchor "Usage" already defined
RSQL.class.html:772:1 (RSQL.class.Rd:512): Warning: <h5> anchor "Arguments" already defined
RSQL.class.html:806:1 (RSQL.class.Rd:536): Warning: <h5> anchor "Usage" already defined
RSQL.class.html:822:1 (RSQL.class.Rd:546): Warning: <h5> anchor "Usage" already defined
RSQL.class.html:838:1 (RSQL.class.Rd:556): Warning: <h5> anchor "Usage" already defined
RSQL.class.html:854:1 (RSQL.class.Rd:566): Warning: <h5> anchor "Usage" already defined
RSQL.class.html:860:1 (RSQL.class.Rd:570): Warning: <h5> anchor "Arguments" already defined
Flavors: r-devel-linux-x86_64-debian-clang, r-devel-linux-x86_64-debian-gcc