Last updated on 2025-10-24 09:50:15 CEST.
| Flavor | Version | Tinstall | Tcheck | Ttotal | Status | Flags |
|---|---|---|---|---|---|---|
| r-devel-linux-x86_64-debian-clang | 1.2.2 | 100.90 | 47.54 | 148.44 | OK | |
| r-devel-linux-x86_64-debian-gcc | 1.2.2 | 62.18 | 36.28 | 98.46 | OK | |
| r-devel-linux-x86_64-fedora-clang | 1.2.2 | 185.00 | 114.10 | 299.10 | OK | |
| r-devel-linux-x86_64-fedora-gcc | 1.2.2 | 176.00 | 75.37 | 251.37 | OK | |
| r-devel-windows-x86_64 | 1.2.2 | 126.00 | 86.00 | 212.00 | OK | |
| r-patched-linux-x86_64 | 1.2.2 | 100.67 | 44.60 | 145.27 | OK | |
| r-release-linux-x86_64 | 1.2.2 | 97.89 | 44.48 | 142.37 | OK | |
| r-release-macos-arm64 | 1.2.2 | 39.00 | 26.00 | 65.00 | OK | |
| r-release-macos-x86_64 | 1.2.2 | 43.00 | 48.00 | 91.00 | OK | |
| r-release-windows-x86_64 | 1.2.2 | 127.00 | 84.00 | 211.00 | OK | |
| r-oldrel-macos-arm64 | 1.2.2 | 40.00 | 29.00 | 69.00 | NOTE | |
| r-oldrel-macos-x86_64 | 1.2.2 | 39.00 | 62.00 | 101.00 | NOTE | |
| r-oldrel-windows-x86_64 | 1.2.2 | 151.00 | 103.00 | 254.00 | OK |
Version: 1.2.2
Check: installed package size
Result: NOTE
installed size is 6.3Mb
sub-directories of 1Mb or more:
libs 6.2Mb
Flavors: r-oldrel-macos-arm64, r-oldrel-macos-x86_64