CRAN Package Check Results for Package RGreenplum

Last updated on 2025-11-21 09:49:15 CET.

Flavor Version Tinstall Tcheck Ttotal Status Flags
r-devel-linux-x86_64-debian-clang 0.1.2 4.85 36.29 41.14 OK
r-devel-linux-x86_64-debian-gcc 0.1.2 3.70 29.14 32.84 OK
r-devel-linux-x86_64-fedora-clang 0.1.2 12.00 51.02 63.02 OK
r-devel-linux-x86_64-fedora-gcc 0.1.2 13.00 46.75 59.75 OK
r-devel-windows-x86_64 0.1.2 8.00 50.00 58.00 OK
r-patched-linux-x86_64 0.1.2 5.80 34.74 40.54 OK
r-release-linux-x86_64 0.1.2 5.33 34.74 40.07 OK
r-release-macos-arm64 0.1.2 OK
r-release-macos-x86_64 0.1.2 5.00 43.00 48.00 OK
r-release-windows-x86_64 0.1.2 6.00 49.00 55.00 OK
r-oldrel-macos-arm64 0.1.2 NOTE
r-oldrel-macos-x86_64 0.1.2 4.00 28.00 32.00 NOTE
r-oldrel-windows-x86_64 0.1.2 9.00 64.00 73.00 NOTE

Check Details

Version: 0.1.2
Check: LazyData
Result: NOTE 'LazyData' is specified without a 'data' directory Flavors: r-oldrel-macos-arm64, r-oldrel-macos-x86_64, r-oldrel-windows-x86_64