Last updated on 2025-10-22 09:50:49 CEST.
Flavor | Version | Tinstall | Tcheck | Ttotal | Status | Flags |
---|---|---|---|---|---|---|
r-devel-linux-x86_64-debian-clang | 1.0.0 | 5.61 | 126.47 | 132.08 | OK | |
r-devel-linux-x86_64-debian-gcc | 1.0.0 | 3.32 | 85.60 | 88.92 | OK | |
r-devel-linux-x86_64-fedora-clang | 1.0.0 | 19.00 | 187.74 | 206.74 | OK | |
r-devel-linux-x86_64-fedora-gcc | 1.0.0 | 13.00 | 191.04 | 204.04 | OK | |
r-devel-windows-x86_64 | 1.0.0 | 8.00 | 117.00 | 125.00 | OK | |
r-patched-linux-x86_64 | 1.0.0 | 5.06 | 116.89 | 121.95 | OK | |
r-release-linux-x86_64 | 1.0.0 | 5.29 | 116.64 | 121.93 | OK | |
r-release-macos-arm64 | 1.0.0 | 2.00 | 49.00 | 51.00 | OK | |
r-release-macos-x86_64 | 1.0.0 | 5.00 | 106.00 | 111.00 | OK | |
r-release-windows-x86_64 | 1.0.0 | 8.00 | 120.00 | 128.00 | OK | |
r-oldrel-macos-arm64 | 1.0.0 | 2.00 | 55.00 | 57.00 | WARN | |
r-oldrel-macos-x86_64 | 1.0.0 | 5.00 | 115.00 | 120.00 | WARN | |
r-oldrel-windows-x86_64 | 1.0.0 | 9.00 | 167.00 | 176.00 | OK |
Version: 1.0.0
Check: DESCRIPTION meta-information
Result: WARN
Non-standard license specification:
EUPL-1.2
Standardizable: FALSE
Flavors: r-oldrel-macos-arm64, r-oldrel-macos-x86_64