Last updated on 2025-11-03 09:49:40 CET.
| Flavor | Version | Tinstall | Tcheck | Ttotal | Status | Flags | 
|---|---|---|---|---|---|---|
| r-devel-linux-x86_64-debian-clang | 1.0 | 7.05 | 58.83 | 65.88 | NOTE | |
| r-devel-linux-x86_64-debian-gcc | 1.0 | 5.40 | 46.34 | 51.74 | NOTE | |
| r-devel-linux-x86_64-fedora-clang | 1.0 | 13.00 | 89.08 | 102.08 | OK | |
| r-devel-linux-x86_64-fedora-gcc | 1.0 | 12.00 | 84.91 | 96.91 | OK | |
| r-devel-windows-x86_64 | 1.0 | 7.00 | 74.00 | 81.00 | OK | |
| r-patched-linux-x86_64 | 1.0 | 6.02 | 56.88 | 62.90 | OK | |
| r-release-linux-x86_64 | 1.0 | 6.74 | 57.59 | 64.33 | OK | |
| r-release-macos-arm64 | 1.0 | 4.00 | 32.00 | 36.00 | OK | |
| r-release-macos-x86_64 | 1.0 | 7.00 | 58.00 | 65.00 | OK | |
| r-release-windows-x86_64 | 1.0 | 8.00 | 66.00 | 74.00 | OK | |
| r-oldrel-macos-arm64 | 1.0 | 3.00 | 25.00 | 28.00 | OK | |
| r-oldrel-macos-x86_64 | 1.0 | 5.00 | 42.00 | 47.00 | OK | |
| r-oldrel-windows-x86_64 | 1.0 | 11.00 | 82.00 | 93.00 | OK | 
Version: 1.0
Check: CRAN incoming feasibility
Result: NOTE
  Maintainer: ‘Xiaoyu Song <xs2148@cumc.columbia.edu>’
  
  No Authors@R field in DESCRIPTION.
  Please add one, modifying
    Authors@R: person(given = "Xiaoyu",
                      family = "Song",
                      role = c("aut", "cre"),
                      email = "xs2148@cumc.columbia.edu")
  as necessary.
Flavors: r-devel-linux-x86_64-debian-clang, r-devel-linux-x86_64-debian-gcc