Last updated on 2025-11-23 12:49:59 CET.
| Flavor | Version | Tinstall | Tcheck | Ttotal | Status | Flags |
|---|---|---|---|---|---|---|
| r-devel-linux-x86_64-debian-clang | 1.0.8 | 2.00 | 43.95 | 45.95 | NOTE | |
| r-devel-linux-x86_64-debian-gcc | 1.0.8 | 2.25 | 32.45 | 34.70 | NOTE | |
| r-devel-linux-x86_64-fedora-clang | 1.0.8 | 71.71 | OK | |||
| r-devel-windows-x86_64 | 1.0.8 | 7.00 | 62.00 | 69.00 | OK | |
| r-patched-linux-x86_64 | 1.0.8 | 2.68 | 39.43 | 42.11 | OK | |
| r-release-linux-x86_64 | 1.0.8 | 2.82 | 40.04 | 42.86 | OK | |
| r-release-macos-arm64 | 1.0.8 | OK | ||||
| r-release-macos-x86_64 | 1.0.8 | 13.00 | 37.00 | 50.00 | OK | |
| r-release-windows-x86_64 | 1.0.8 | 5.00 | 64.00 | 69.00 | OK | |
| r-oldrel-macos-arm64 | 1.0.8 | OK | ||||
| r-oldrel-macos-x86_64 | 1.0.8 | 10.00 | 33.00 | 43.00 | OK | |
| r-oldrel-windows-x86_64 | 1.0.8 | 7.00 | 76.00 | 83.00 | OK |
Version: 1.0.8
Check: CRAN incoming feasibility
Result: NOTE
Maintainer: ‘Eric Coissac <eric.coissac@metabarcoding.org>’
No Authors@R field in DESCRIPTION.
Please add one, modifying
Authors@R: c(person(given = "Eric",
family = "Coissac",
role = c("aut", "cre"),
email = "eric.coissac@metabarcoding.org"),
person(given = "Christelle",
family = "Gonindard-Melodelima",
role = "aut"))
as necessary.
Flavors: r-devel-linux-x86_64-debian-clang, r-devel-linux-x86_64-debian-gcc