Last updated on 2025-11-23 12:49:59 CET.
| Flavor | Version | Tinstall | Tcheck | Ttotal | Status | Flags |
|---|---|---|---|---|---|---|
| r-devel-linux-x86_64-debian-clang | 1.1 | 8.27 | 80.58 | 88.85 | NOTE | |
| r-devel-linux-x86_64-debian-gcc | 1.1 | 5.39 | 58.64 | 64.03 | NOTE | |
| r-devel-linux-x86_64-fedora-clang | 1.1 | 17.00 | 117.00 | 134.00 | OK | |
| r-devel-windows-x86_64 | 1.1 | 15.00 | 102.00 | 117.00 | OK | |
| r-patched-linux-x86_64 | 1.1 | 8.79 | 74.40 | 83.19 | OK | |
| r-release-linux-x86_64 | 1.1 | 6.10 | 73.59 | 79.69 | OK | |
| r-release-macos-arm64 | 1.1 | OK | ||||
| r-release-macos-x86_64 | 1.1 | 8.00 | 54.00 | 62.00 | OK | |
| r-release-windows-x86_64 | 1.1 | 12.00 | 104.00 | 116.00 | OK | |
| r-oldrel-macos-arm64 | 1.1 | OK | ||||
| r-oldrel-macos-x86_64 | 1.1 | 5.00 | 46.00 | 51.00 | OK | |
| r-oldrel-windows-x86_64 | 1.1 | 15.00 | 123.00 | 138.00 | OK |
Version: 1.1
Check: CRAN incoming feasibility
Result: NOTE
Maintainer: ‘Jim Albert <albert@bgsu.edu>’
No Authors@R field in DESCRIPTION.
Please add one, modifying
Authors@R: person(given = "Jim",
family = "Albert",
role = c("aut", "cre"),
email = "albert@bgsu.edu")
as necessary.
Flavors: r-devel-linux-x86_64-debian-clang, r-devel-linux-x86_64-debian-gcc