Last updated on 2025-10-26 10:49:59 CET.
| Flavor | Version | Tinstall | Tcheck | Ttotal | Status | Flags |
|---|---|---|---|---|---|---|
| r-devel-linux-x86_64-debian-clang | 1.0.0 | 6.72 | 42.48 | 49.20 | OK | |
| r-devel-linux-x86_64-debian-gcc | 1.0.0 | 4.18 | 31.50 | 35.68 | OK | |
| r-devel-linux-x86_64-fedora-clang | 1.0.0 | 15.00 | 59.33 | 74.33 | NOTE | |
| r-devel-linux-x86_64-fedora-gcc | 1.0.0 | 13.00 | 72.47 | 85.47 | NOTE | |
| r-devel-windows-x86_64 | 1.0.0 | 7.00 | 60.00 | 67.00 | OK | |
| r-patched-linux-x86_64 | 1.0.0 | 6.54 | 39.61 | 46.15 | OK | |
| r-release-linux-x86_64 | 1.0.0 | 6.58 | 40.10 | 46.68 | OK | |
| r-release-macos-arm64 | 1.0.0 | 3.00 | 28.00 | 31.00 | OK | |
| r-release-macos-x86_64 | 1.0.0 | 5.00 | 55.00 | 60.00 | OK | |
| r-release-windows-x86_64 | 1.0.0 | 8.00 | 61.00 | 69.00 | OK | |
| r-oldrel-macos-arm64 | 1.0.0 | 3.00 | 26.00 | 29.00 | OK | |
| r-oldrel-macos-x86_64 | 1.0.0 | 5.00 | 41.00 | 46.00 | OK | |
| r-oldrel-windows-x86_64 | 1.0.0 | 9.00 | 70.00 | 79.00 | OK |
Version: 1.0.0
Check: dependencies in R code
Result: NOTE
Namespace in Imports field not imported from: ‘stats’
All declared Imports should be used.
Flavors: r-devel-linux-x86_64-fedora-clang, r-devel-linux-x86_64-fedora-gcc