Last updated on 2025-11-23 12:49:57 CET.
| Flavor | Version | Tinstall | Tcheck | Ttotal | Status | Flags |
|---|---|---|---|---|---|---|
| r-devel-linux-x86_64-debian-clang | 1.2.5 | 7.20 | 68.44 | 75.64 | NOTE | |
| r-devel-linux-x86_64-debian-gcc | 1.2.5 | 5.28 | 51.16 | 56.44 | NOTE | |
| r-devel-linux-x86_64-fedora-clang | 1.2.5 | 14.00 | 102.18 | 116.18 | NOTE | |
| r-devel-windows-x86_64 | 1.2.5 | 10.00 | 82.00 | 92.00 | NOTE | |
| r-patched-linux-x86_64 | 1.2.5 | 6.95 | 66.18 | 73.13 | NOTE | |
| r-release-linux-x86_64 | 1.2.5 | 6.04 | 67.84 | 73.88 | NOTE | |
| r-release-macos-arm64 | 1.2.5 | NOTE | ||||
| r-release-macos-x86_64 | 1.2.5 | 7.00 | 62.00 | 69.00 | NOTE | |
| r-release-windows-x86_64 | 1.2.5 | 8.00 | 94.00 | 102.00 | NOTE | |
| r-oldrel-macos-arm64 | 1.2.5 | NOTE | ||||
| r-oldrel-macos-x86_64 | 1.2.5 | 5.00 | 48.00 | 53.00 | NOTE | |
| r-oldrel-windows-x86_64 | 1.2.5 | 11.00 | 97.00 | 108.00 | NOTE |
Version: 1.2.5
Check: CRAN incoming feasibility
Result: NOTE
Maintainer: ‘Zhiqiu Hu <zhiqiu.hu@gmail.com>’
No Authors@R field in DESCRIPTION.
Please add one, modifying
Authors@R: c(person(given = c("Zhiqiu", "Hu;", "Shizhong", "Xu;", "Zhiquan", "Wang;", "Rongcai"),
family = "Yang",
role = "aut"),
person(given = "Zhiqiu",
family = "Hu",
role = "cre",
email = "zhiqiu.hu@gmail.com"))
as necessary.
Flavors: r-devel-linux-x86_64-debian-clang, r-devel-linux-x86_64-debian-gcc
Version: 1.2.5
Check: Rd files
Result: NOTE
checkRd: (-1) PAS-package.Rd:30: Lost braces
30 | {\code{bin model}}{\cr Zhiqiu Hu, Zhiquan Wang, and Shizhong Xu (2012) An infinitesimal model for quantitative trait genomic value prediction. PloS ONE 7: e41336.}
| ^
Flavors: r-devel-linux-x86_64-debian-clang, r-devel-linux-x86_64-debian-gcc, r-devel-linux-x86_64-fedora-clang, r-patched-linux-x86_64, r-release-linux-x86_64, r-release-macos-arm64, r-release-macos-x86_64, r-release-windows-x86_64, r-oldrel-macos-arm64, r-oldrel-macos-x86_64, r-oldrel-windows-x86_64
Version: 1.2.5
Check: Rd files
Result: NOTE
checkRd: (-1) PAS-package.Rd:14-20: Only 2 columns allowed in this table (row 5 has 1)
checkRd: (-1) PAS-package.Rd:30: Lost braces
30 | {\code{bin model}}{\cr Zhiqiu Hu, Zhiquan Wang, and Shizhong Xu (2012) An infinitesimal model for quantitative trait genomic value prediction. PloS ONE 7: e41336.}
| ^
Flavor: r-devel-windows-x86_64