Last updated on 2025-11-16 09:49:35 CET.
| Flavor | Version | Tinstall | Tcheck | Ttotal | Status | Flags |
|---|---|---|---|---|---|---|
| r-devel-linux-x86_64-debian-clang | 1.1.4 | 18.60 | 90.86 | 109.46 | NOTE | |
| r-devel-linux-x86_64-debian-gcc | 1.1.4 | 13.43 | 60.89 | 74.32 | NOTE | |
| r-devel-linux-x86_64-fedora-clang | 1.1.4 | 41.00 | 143.68 | 184.68 | NOTE | |
| r-devel-linux-x86_64-fedora-gcc | 1.1.4 | 39.00 | 124.42 | 163.42 | NOTE | |
| r-devel-windows-x86_64 | 1.1.4 | 36.00 | 104.00 | 140.00 | NOTE | |
| r-patched-linux-x86_64 | 1.1.4 | 19.44 | 74.06 | 93.50 | NOTE | |
| r-release-linux-x86_64 | 1.1.4 | 19.36 | 74.50 | 93.86 | NOTE | |
| r-release-macos-arm64 | 1.1.4 | 9.00 | 39.00 | 48.00 | NOTE | |
| r-release-macos-x86_64 | 1.1.4 | 13.00 | 74.00 | 87.00 | NOTE | |
| r-release-windows-x86_64 | 1.1.4 | 28.00 | 105.00 | 133.00 | NOTE | |
| r-oldrel-macos-arm64 | 1.1.4 | 9.00 | 36.00 | 45.00 | NOTE | |
| r-oldrel-macos-x86_64 | 1.1.4 | 11.00 | 47.00 | 58.00 | NOTE | |
| r-oldrel-windows-x86_64 | 1.1.4 | 35.00 | 132.00 | 167.00 | NOTE |
Version: 1.1.4
Check: CRAN incoming feasibility
Result: NOTE
Maintainer: ‘Ye Henry Li <hlowl2@gmail.com>’
No Authors@R field in DESCRIPTION.
Please add one, modifying
Authors@R: c(person(given = c("Ye", "Henry"),
family = "Li",
role = c("aut", "cre"),
email = "hlowl2@gmail.com"),
person(given = "Dangna",
family = "Li",
role = "aut"))
as necessary.
Flavors: r-devel-linux-x86_64-debian-clang, r-devel-linux-x86_64-debian-gcc
Version: 1.1.4
Check: C++ specification
Result: NOTE
Specified C++11: please drop specification unless essential
Flavors: r-devel-linux-x86_64-debian-clang, r-devel-linux-x86_64-debian-gcc, r-devel-linux-x86_64-fedora-clang, r-devel-linux-x86_64-fedora-gcc, r-devel-windows-x86_64, r-patched-linux-x86_64, r-release-linux-x86_64, r-release-macos-arm64, r-release-macos-x86_64, r-release-windows-x86_64, r-oldrel-macos-arm64, r-oldrel-macos-x86_64, r-oldrel-windows-x86_64