Last updated on 2025-11-15 11:50:51 CET.
| Flavor | Version | Tinstall | Tcheck | Ttotal | Status | Flags |
|---|---|---|---|---|---|---|
| r-devel-linux-x86_64-debian-clang | 2.2.3 | 6.77 | 71.51 | 78.28 | NOTE | |
| r-devel-linux-x86_64-debian-gcc | 2.2.3 | 6.52 | 53.47 | 59.99 | NOTE | |
| r-devel-linux-x86_64-fedora-clang | 2.2.3 | 18.00 | 111.57 | 129.57 | OK | |
| r-devel-linux-x86_64-fedora-gcc | 2.2.3 | 16.00 | 99.81 | 115.81 | OK | |
| r-devel-windows-x86_64 | 2.2.3 | 11.00 | 78.00 | 89.00 | OK | |
| r-patched-linux-x86_64 | 2.2.3 | 7.79 | 68.48 | 76.27 | OK | |
| r-release-linux-x86_64 | 2.2.3 | 7.14 | 69.41 | 76.55 | OK | |
| r-release-macos-arm64 | 2.2.3 | 3.00 | 30.00 | 33.00 | OK | |
| r-release-macos-x86_64 | 2.2.3 | 5.00 | 46.00 | 51.00 | OK | |
| r-release-windows-x86_64 | 2.2.3 | 9.00 | 76.00 | 85.00 | OK | |
| r-oldrel-macos-arm64 | 2.2.3 | 3.00 | 26.00 | 29.00 | OK | |
| r-oldrel-macos-x86_64 | 2.2.3 | 5.00 | 37.00 | 42.00 | OK | |
| r-oldrel-windows-x86_64 | 2.2.3 | 11.00 | 95.00 | 106.00 | OK |
Version: 2.2.3
Check: CRAN incoming feasibility
Result: NOTE
Maintainer: ‘Ran Gao <rgao8@uic.edu>’
No Authors@R field in DESCRIPTION.
Please add one, modifying
Authors@R: c(person(given = "Anup",
family = "Amatya",
role = "aut"),
person(given = "Hakan",
family = "Demirtas",
role = "aut"),
person(given = "Ran",
family = "Gao",
role = c("aut", "cre"),
email = "rgao8@uic.edu"))
as necessary.
Flavors: r-devel-linux-x86_64-debian-clang, r-devel-linux-x86_64-debian-gcc