Last updated on 2025-10-30 09:49:56 CET.
| Flavor | Version | Tinstall | Tcheck | Ttotal | Status | Flags | 
|---|---|---|---|---|---|---|
| r-devel-linux-x86_64-debian-clang | 1.4.4.1 | 2.31 | 31.88 | 34.19 | NOTE | |
| r-devel-linux-x86_64-debian-gcc | 1.4.4.1 | 1.75 | 25.52 | 27.27 | NOTE | |
| r-devel-linux-x86_64-fedora-clang | 1.4.4.1 | 52.15 | OK | |||
| r-devel-linux-x86_64-fedora-gcc | 1.4.4.1 | 62.33 | OK | |||
| r-devel-windows-x86_64 | 1.4.4.1 | 5.00 | 66.00 | 71.00 | OK | |
| r-patched-linux-x86_64 | 1.4.4.1 | 2.26 | 30.04 | 32.30 | OK | |
| r-release-linux-x86_64 | 1.4.4.1 | 2.29 | 30.16 | 32.45 | OK | |
| r-release-macos-arm64 | 1.4.4.1 | 1.00 | 26.00 | 27.00 | OK | |
| r-release-macos-x86_64 | 1.4.4.1 | 2.00 | 46.00 | 48.00 | OK | |
| r-release-windows-x86_64 | 1.4.4.1 | 5.00 | 71.00 | 76.00 | OK | |
| r-oldrel-macos-arm64 | 1.4.4.1 | 1.00 | 24.00 | 25.00 | OK | |
| r-oldrel-macos-x86_64 | 1.4.4.1 | 2.00 | 36.00 | 38.00 | OK | |
| r-oldrel-windows-x86_64 | 1.4.4.1 | 5.00 | 72.00 | 77.00 | OK | 
Version: 1.4.4.1
Check: CRAN incoming feasibility
Result: NOTE
  Maintainer: ‘Karline Soetaert <karline.soetaert@nioz.nl>’
  
  No Authors@R field in DESCRIPTION.
  Please add one, modifying
    Authors@R: c(person(given = "Karline",
                        family = "Soetaert",
                        role = c("aut", "cre"),
                        email = "karline.soetaert@nioz.nl"),
                 person(given = c("Julius", "Kipyegon"),
                        family = "Kones",
                        role = "aut",
                        email = "jkones@uonbi.ac.ke"),
                 person(given = "Dick",
                        family = "van Oevelen",
                        role = "aut",
                        email = "dick.vanoevelen@nioz.nl"))
  as necessary.
  
  Package CITATION file contains call(s) to old-style personList() or
  as.personList().  Please use c() on person objects instead.
  Package CITATION file contains call(s) to old-style citEntry().  Please
  use bibentry() instead.
Flavors: r-devel-linux-x86_64-debian-clang, r-devel-linux-x86_64-debian-gcc