Last updated on 2025-10-23 10:48:46 CEST.
| Flavor | Version | Tinstall | Tcheck | Ttotal | Status | Flags |
|---|---|---|---|---|---|---|
| r-devel-linux-x86_64-debian-clang | 0.1.2 | 2.20 | 33.64 | 35.84 | NOTE | |
| r-devel-linux-x86_64-debian-gcc | 0.1.2 | 1.57 | 27.42 | 28.99 | OK | |
| r-devel-linux-x86_64-fedora-clang | 0.1.2 | 12.00 | 43.34 | 55.34 | OK | |
| r-devel-linux-x86_64-fedora-gcc | 0.1.2 | 52.90 | OK | |||
| r-devel-windows-x86_64 | 0.1.2 | 3.00 | 51.00 | 54.00 | OK | |
| r-patched-linux-x86_64 | 0.1.2 | 2.45 | 31.47 | 33.92 | OK | |
| r-release-linux-x86_64 | 0.1.2 | 2.13 | 30.86 | 32.99 | OK | |
| r-release-macos-arm64 | 0.1.2 | 1.00 | 27.00 | 28.00 | OK | |
| r-release-macos-x86_64 | 0.1.2 | 2.00 | 42.00 | 44.00 | OK | |
| r-release-windows-x86_64 | 0.1.2 | 3.00 | 53.00 | 56.00 | OK | |
| r-oldrel-macos-arm64 | 0.1.2 | 1.00 | 23.00 | 24.00 | OK | |
| r-oldrel-macos-x86_64 | 0.1.2 | 3.00 | 39.00 | 42.00 | OK | |
| r-oldrel-windows-x86_64 | 0.1.2 | 4.00 | 58.00 | 62.00 | OK |
Version: 0.1.2
Check: HTML version of manual
Result: NOTE
Found the following HTML validation problems:
return_mc.html:90:1 (return_mc.Rd:38): Warning: missing </ul> before </div>
return_mmc.html:154:1 (return_mmc.Rd:86): Warning: missing </ul> before </div>
Flavor: r-devel-linux-x86_64-debian-clang