Last updated on 2025-10-17 11:50:59 CEST.
Flavor | Version | Tinstall | Tcheck | Ttotal | Status | Flags |
---|---|---|---|---|---|---|
r-devel-linux-x86_64-debian-clang | 0.1.0 | 18.41 | 124.15 | 142.56 | OK | |
r-devel-linux-x86_64-debian-gcc | 0.1.0 | 13.70 | 93.82 | 107.52 | OK | |
r-devel-linux-x86_64-fedora-clang | 0.1.0 | 222.63 | NOTE | |||
r-devel-linux-x86_64-fedora-gcc | 0.1.0 | 215.79 | NOTE | |||
r-devel-windows-x86_64 | 0.1.0 | 18.00 | 115.00 | 133.00 | OK | |
r-patched-linux-x86_64 | 0.1.0 | 17.72 | 118.94 | 136.66 | OK | |
r-release-linux-x86_64 | 0.1.0 | 18.16 | 119.23 | 137.39 | OK | |
r-release-macos-arm64 | 0.1.0 | 61.00 | OK | |||
r-release-macos-x86_64 | 0.1.0 | 105.00 | OK | |||
r-release-windows-x86_64 | 0.1.0 | 19.00 | 119.00 | 138.00 | OK | |
r-oldrel-macos-arm64 | 0.1.0 | 62.00 | OK | |||
r-oldrel-macos-x86_64 | 0.1.0 | 95.00 | OK | |||
r-oldrel-windows-x86_64 | 0.1.0 | 22.00 | 147.00 | 169.00 | OK |
Version: 0.1.0
Check: dependencies in R code
Result: NOTE
Namespaces in Imports field not imported from:
‘ngram’ ‘shinythemes’ ‘topicmodels’
All declared Imports should be used.
Flavors: r-devel-linux-x86_64-fedora-clang, r-devel-linux-x86_64-fedora-gcc