Last updated on 2025-11-23 12:49:55 CET.
| Flavor | Version | Tinstall | Tcheck | Ttotal | Status | Flags |
|---|---|---|---|---|---|---|
| r-devel-linux-x86_64-debian-clang | 3.2 | 31.66 | 161.56 | 193.22 | OK | |
| r-devel-linux-x86_64-debian-gcc | 3.2 | 21.19 | 114.27 | 135.46 | OK | |
| r-devel-linux-x86_64-fedora-clang | 3.2 | 88.00 | 211.65 | 299.65 | OK | |
| r-devel-windows-x86_64 | 3.2 | 39.00 | 163.00 | 202.00 | OK | |
| r-patched-linux-x86_64 | 3.2 | 32.86 | 151.92 | 184.78 | OK | |
| r-release-linux-x86_64 | 3.2 | 30.79 | 153.01 | 183.80 | OK | |
| r-release-macos-arm64 | 3.2 | OK | ||||
| r-release-macos-x86_64 | 3.2 | 18.00 | 121.00 | 139.00 | OK | |
| r-release-windows-x86_64 | 3.2 | 35.00 | 203.00 | 238.00 | OK | |
| r-oldrel-macos-arm64 | 3.2 | NOTE | ||||
| r-oldrel-macos-x86_64 | 3.2 | 24.00 | 137.00 | 161.00 | NOTE | |
| r-oldrel-windows-x86_64 | 3.2 | 47.00 | 208.00 | 255.00 | NOTE |
Version: 3.2
Check: installed package size
Result: NOTE
installed size is 6.2Mb
sub-directories of 1Mb or more:
doc 3.3Mb
libs 1.6Mb
Flavors: r-oldrel-macos-arm64, r-oldrel-macos-x86_64, r-oldrel-windows-x86_64