Last updated on 2025-11-21 09:49:10 CET.
| Flavor | Version | Tinstall | Tcheck | Ttotal | Status | Flags |
|---|---|---|---|---|---|---|
| r-devel-linux-x86_64-debian-clang | 1.14.1 | 49.15 | 200.21 | 249.36 | NOTE | |
| r-devel-linux-x86_64-debian-gcc | 1.14.1 | 35.18 | 137.04 | 172.22 | NOTE | |
| r-devel-linux-x86_64-fedora-clang | 1.14.1 | 90.00 | 307.73 | 397.73 | NOTE | |
| r-devel-linux-x86_64-fedora-gcc | 1.14.1 | 134.00 | 272.28 | 406.28 | NOTE | |
| r-devel-windows-x86_64 | 1.14.1 | 59.00 | 233.00 | 292.00 | NOTE | |
| r-patched-linux-x86_64 | 1.14.1 | 58.63 | 194.63 | 253.26 | NOTE | |
| r-release-linux-x86_64 | 1.14.1 | 53.97 | 194.83 | 248.80 | NOTE | |
| r-release-macos-arm64 | 1.14.1 | NOTE | ||||
| r-release-macos-x86_64 | 1.14.1 | 31.00 | 204.00 | 235.00 | NOTE | |
| r-release-windows-x86_64 | 1.14.1 | 52.00 | 237.00 | 289.00 | NOTE | |
| r-oldrel-macos-arm64 | 1.14.1 | NOTE | ||||
| r-oldrel-macos-x86_64 | 1.14.1 | 52.00 | 243.00 | 295.00 | NOTE | |
| r-oldrel-windows-x86_64 | 1.14.1 | 68.00 | 289.00 | 357.00 | NOTE |
Version: 1.14.1
Check: CRAN incoming feasibility
Result: NOTE
Maintainer: ‘Henrik Singmann <singmann@gmail.com>’
Package CITATION file contains call(s) to old-style personList() or
as.personList(). Please use c() on person objects instead.
Package CITATION file contains call(s) to old-style citEntry(). Please
use bibentry() instead.
Flavors: r-devel-linux-x86_64-debian-clang, r-devel-linux-x86_64-debian-gcc
Version: 1.14.1
Check: Rd files
Result: NOTE
checkRd: (-1) get.mpt.fia.Rd:60: Lost braces
60 | \item{lnconst}{When inequality constraints are present, \code{lnconst} serves as an adjustment of code{lnInt}. It estimates the logarithm of the proportion of parameter space [0,1]^S that satisfies those inequality constraints, and the log integral term is given by \code{lnInt+lnconst}.
| ^
checkRd: (-1) prediction.plot.Rd:38: Lost braces
38 | The labels on the x-axis. Default is \code{Tree 1} to code{Tree n}.
| ^
Flavors: r-devel-linux-x86_64-debian-clang, r-devel-linux-x86_64-debian-gcc, r-devel-linux-x86_64-fedora-clang, r-devel-linux-x86_64-fedora-gcc, r-devel-windows-x86_64, r-patched-linux-x86_64, r-release-linux-x86_64, r-release-macos-arm64, r-release-macos-x86_64, r-release-windows-x86_64, r-oldrel-macos-arm64, r-oldrel-macos-x86_64, r-oldrel-windows-x86_64
Version: 1.14.1
Check: installed package size
Result: NOTE
installed size is 13.3Mb
sub-directories of 1Mb or more:
libs 12.3Mb
Flavors: r-oldrel-macos-arm64, r-oldrel-macos-x86_64