Last updated on 2025-11-26 09:51:21 CET.
| Flavor | Version | Tinstall | Tcheck | Ttotal | Status | Flags |
|---|---|---|---|---|---|---|
| r-devel-linux-x86_64-debian-clang | 0.5 | 34.12 | 72.56 | 106.68 | OK | |
| r-devel-linux-x86_64-debian-gcc | 0.5 | 28.78 | 54.18 | 82.96 | OK | |
| r-devel-linux-x86_64-fedora-clang | 0.5 | 75.00 | 103.51 | 178.51 | OK | |
| r-devel-linux-x86_64-fedora-gcc | 0.5 | 99.00 | 78.98 | 177.98 | OK | |
| r-devel-windows-x86_64 | 0.5 | 46.00 | 103.00 | 149.00 | OK | |
| r-patched-linux-x86_64 | 0.5 | 36.47 | 69.73 | 106.20 | OK | |
| r-release-linux-x86_64 | 0.5 | 35.78 | 70.64 | 106.42 | OK | |
| r-release-macos-arm64 | 0.5 | OK | ||||
| r-release-macos-x86_64 | 0.5 | 30.00 | 62.00 | 92.00 | OK | |
| r-release-windows-x86_64 | 0.5 | 39.00 | 105.00 | 144.00 | OK | |
| r-oldrel-macos-arm64 | 0.5 | NOTE | ||||
| r-oldrel-macos-x86_64 | 0.5 | 21.00 | 46.00 | 67.00 | NOTE | |
| r-oldrel-windows-x86_64 | 0.5 | 49.00 | 128.00 | 177.00 | OK |
Version: 0.5
Check: installed package size
Result: NOTE
installed size is 5.9Mb
sub-directories of 1Mb or more:
libs 5.4Mb
Flavors: r-oldrel-macos-arm64, r-oldrel-macos-x86_64