Last updated on 2025-10-30 09:49:53 CET.
| Flavor | Version | Tinstall | Tcheck | Ttotal | Status | Flags | 
|---|---|---|---|---|---|---|
| r-devel-linux-x86_64-debian-clang | 2.15.1 | 4.40 | 59.00 | 63.40 | NOTE | |
| r-devel-linux-x86_64-debian-gcc | 2.15.1 | 2.61 | 43.95 | 46.56 | NOTE | |
| r-devel-linux-x86_64-fedora-clang | 2.15.1 | 22.00 | 74.27 | 96.27 | OK | |
| r-devel-linux-x86_64-fedora-gcc | 2.15.1 | 13.00 | 87.91 | 100.91 | OK | |
| r-devel-windows-x86_64 | 2.15.1 | 6.00 | 113.00 | 119.00 | OK | |
| r-patched-linux-x86_64 | 2.15.1 | 5.29 | 55.75 | 61.04 | NOTE | |
| r-release-linux-x86_64 | 2.15.1 | 4.02 | 55.73 | 59.75 | NOTE | |
| r-release-macos-arm64 | 2.15.1 | 2.00 | 40.00 | 42.00 | OK | |
| r-release-macos-x86_64 | 2.15.1 | 4.00 | 78.00 | 82.00 | OK | |
| r-release-windows-x86_64 | 2.15.1 | 7.00 | 124.00 | 131.00 | OK | |
| r-oldrel-macos-arm64 | 2.15.1 | 2.00 | 45.00 | 47.00 | OK | |
| r-oldrel-macos-x86_64 | 2.15.1 | 5.00 | 67.00 | 72.00 | OK | |
| r-oldrel-windows-x86_64 | 2.15.1 | 5.00 | 120.00 | 125.00 | OK | 
Version: 2.15.1
Check: CRAN incoming feasibility
Result: NOTE
  Maintainer: ‘Jim Albert <albert@bgsu.edu>’
  
  No Authors@R field in DESCRIPTION.
  Please add one, modifying
    Authors@R: person(given = "Jim",
                      family = "Albert",
                      role = c("aut", "cre"),
                      email = "albert@bgsu.edu")
  as necessary.
Flavors: r-devel-linux-x86_64-debian-clang, r-devel-linux-x86_64-debian-gcc
Version: 2.15.1
Check: for unstated dependencies in ‘demo’
Result: NOTE
  'library' or 'require' calls not declared from:
    ‘coda’ ‘lattice’ ‘survival’
Flavors: r-devel-linux-x86_64-debian-clang, r-devel-linux-x86_64-debian-gcc, r-patched-linux-x86_64, r-release-linux-x86_64