Last updated on 2025-10-24 09:50:07 CEST.
| Flavor | Version | Tinstall | Tcheck | Ttotal | Status | Flags |
|---|---|---|---|---|---|---|
| r-devel-linux-x86_64-debian-clang | 0.9.5 | 3.44 | 33.88 | 37.32 | NOTE | |
| r-devel-linux-x86_64-debian-gcc | 0.9.5 | 2.61 | 25.20 | 27.81 | NOTE | |
| r-devel-linux-x86_64-fedora-clang | 0.9.5 | 55.45 | OK | |||
| r-devel-linux-x86_64-fedora-gcc | 0.9.5 | 53.13 | OK | |||
| r-devel-windows-x86_64 | 0.9.5 | 4.00 | 51.00 | 55.00 | OK | |
| r-patched-linux-x86_64 | 0.9.5 | 3.77 | 31.62 | 35.39 | OK | |
| r-release-linux-x86_64 | 0.9.5 | 2.74 | 32.02 | 34.76 | OK | |
| r-release-macos-arm64 | 0.9.5 | 2.00 | 20.00 | 22.00 | OK | |
| r-release-macos-x86_64 | 0.9.5 | 3.00 | 30.00 | 33.00 | OK | |
| r-release-windows-x86_64 | 0.9.5 | 4.00 | 53.00 | 57.00 | OK | |
| r-oldrel-macos-arm64 | 0.9.5 | 2.00 | 18.00 | 20.00 | OK | |
| r-oldrel-macos-x86_64 | 0.9.5 | 5.00 | 47.00 | 52.00 | OK | |
| r-oldrel-windows-x86_64 | 0.9.5 | 6.00 | 63.00 | 69.00 | OK |
Version: 0.9.5
Check: CRAN incoming feasibility
Result: NOTE
Maintainer: ‘Antony Borel <antony.borel@gmail.com>’
No Authors@R field in DESCRIPTION.
Please add one, modifying
Authors@R: c(person(given = "Borel",
family = "A.",
role = "aut"),
person(given = "Pouydebat",
family = "E.",
role = "aut"),
person(given = "Reghem",
family = "E.",
role = "aut"),
person(given = "Antony",
family = "Borel",
role = "cre",
email = "antony.borel@gmail.com"))
as necessary.
Flavors: r-devel-linux-x86_64-debian-clang, r-devel-linux-x86_64-debian-gcc