Last updated on 2025-11-21 09:49:08 CET.
| Flavor | Version | Tinstall | Tcheck | Ttotal | Status | Flags |
|---|---|---|---|---|---|---|
| r-devel-linux-x86_64-debian-clang | 2.1.4 | 21.48 | 145.05 | 166.53 | OK | |
| r-devel-linux-x86_64-debian-gcc | 2.2.0 | 17.53 | 108.92 | 126.45 | OK | |
| r-devel-linux-x86_64-fedora-clang | 2.2.0 | 57.00 | 239.33 | 296.33 | OK | |
| r-devel-linux-x86_64-fedora-gcc | 2.2.0 | 35.00 | 245.30 | 280.30 | OK | |
| r-devel-windows-x86_64 | 2.1.4 | 31.00 | 150.00 | 181.00 | OK | |
| r-patched-linux-x86_64 | 2.2.0 | 22.54 | 152.72 | 175.26 | OK | |
| r-release-linux-x86_64 | 2.1.4 | 21.66 | 136.66 | 158.32 | OK | |
| r-release-macos-arm64 | 2.1.4 | 10.00 | 29.00 | 39.00 | OK | |
| r-release-macos-x86_64 | 2.2.0 | 30.00 | 170.00 | 200.00 | OK | |
| r-release-windows-x86_64 | 2.1.4 | 25.00 | 154.00 | 179.00 | OK | |
| r-oldrel-macos-arm64 | 2.2.0 | 0.00 | 13.00 | 13.00 | ERROR | |
| r-oldrel-macos-x86_64 | 2.2.0 | 22.00 | 169.00 | 191.00 | OK | |
| r-oldrel-windows-x86_64 | 2.1.4 | 30.00 | 204.00 | 234.00 | OK |
Version: 2.2.0
Check: whether package can be installed
Result: ERROR
Installation failed.
Flavor: r-oldrel-macos-arm64