Last updated on 2025-11-15 11:50:48 CET.
| Flavor | Version | Tinstall | Tcheck | Ttotal | Status | Flags |
|---|---|---|---|---|---|---|
| r-devel-linux-x86_64-debian-clang | 2.1.0 | 179.62 | 151.42 | 331.04 | NOTE | |
| r-devel-linux-x86_64-debian-gcc | 2.1.0 | 119.15 | 111.69 | 230.84 | NOTE | |
| r-devel-linux-x86_64-fedora-clang | 2.1.0 | 289.00 | 321.67 | 610.67 | NOTE | |
| r-devel-linux-x86_64-fedora-gcc | 2.1.0 | 391.00 | 211.85 | 602.85 | NOTE | |
| r-devel-windows-x86_64 | 2.1.0 | 212.00 | 183.00 | 395.00 | NOTE | |
| r-patched-linux-x86_64 | 2.1.0 | 177.06 | 147.02 | 324.08 | NOTE | |
| r-release-linux-x86_64 | 2.1.0 | 176.11 | 148.60 | 324.71 | NOTE | |
| r-release-macos-arm64 | 2.1.0 | 72.00 | 79.00 | 151.00 | NOTE | |
| r-release-macos-x86_64 | 2.1.0 | 62.00 | 127.00 | 189.00 | NOTE | |
| r-release-windows-x86_64 | 2.1.0 | 198.00 | 165.00 | 363.00 | NOTE | |
| r-oldrel-macos-arm64 | 2.1.0 | 71.00 | 65.00 | 136.00 | NOTE | |
| r-oldrel-macos-x86_64 | 2.1.0 | 56.00 | 106.00 | 162.00 | NOTE | |
| r-oldrel-windows-x86_64 | 2.1.0 | 234.00 | 222.00 | 456.00 | NOTE |
Version: 2.1.0
Check: Rd files
Result: NOTE
checkRd: (-1) GenSyntheticLogistic.Rd:46: Lost braces; missing escapes or markup?
46 | 3) Every coordinate yi of the outcome vector y exists in {-1, 1}^n is sampled
| ^
checkRd: (-1) L0Learn-package.Rd:20: Lost braces in \itemize; meant \describe ?
checkRd: (-1) L0Learn-package.Rd:21: Lost braces in \itemize; meant \describe ?
checkRd: (-1) L0Learn-package.Rd:22: Lost braces in \itemize; meant \describe ?
checkRd: (-1) L0Learn-package.Rd:23: Lost braces in \itemize; meant \describe ?
checkRd: (-1) L0Learn-package.Rd:24: Lost braces in \itemize; meant \describe ?
checkRd: (-1) L0Learn-package.Rd:25: Lost braces in \itemize; meant \describe ?
Flavors: r-devel-linux-x86_64-debian-clang, r-devel-linux-x86_64-debian-gcc, r-devel-linux-x86_64-fedora-clang, r-devel-linux-x86_64-fedora-gcc, r-devel-windows-x86_64, r-patched-linux-x86_64, r-release-linux-x86_64, r-release-macos-arm64, r-release-macos-x86_64, r-release-windows-x86_64, r-oldrel-macos-arm64, r-oldrel-macos-x86_64, r-oldrel-windows-x86_64
Version: 2.1.0
Check: installed package size
Result: NOTE
installed size is 13.0Mb
sub-directories of 1Mb or more:
doc 2.4Mb
libs 10.4Mb
Flavors: r-oldrel-macos-arm64, r-oldrel-macos-x86_64