Last updated on 2025-10-23 10:48:44 CEST.
| Flavor | Version | Tinstall | Tcheck | Ttotal | Status | Flags |
|---|---|---|---|---|---|---|
| r-devel-linux-x86_64-debian-clang | 0.1.1 | 3.09 | 31.79 | 34.88 | NOTE | |
| r-devel-linux-x86_64-debian-gcc | 0.1.1 | 2.57 | 25.80 | 28.37 | OK | |
| r-devel-linux-x86_64-fedora-clang | 0.1.1 | 48.65 | OK | |||
| r-devel-linux-x86_64-fedora-gcc | 0.1.1 | 47.59 | OK | |||
| r-devel-windows-x86_64 | 0.1.1 | 5.00 | 49.00 | 54.00 | OK | |
| r-patched-linux-x86_64 | 0.1.1 | 3.25 | 29.98 | 33.23 | OK | |
| r-release-linux-x86_64 | 0.1.1 | 2.57 | 29.57 | 32.14 | OK | |
| r-release-macos-arm64 | 0.1.1 | 2.00 | 23.00 | 25.00 | OK | |
| r-release-macos-x86_64 | 0.1.1 | 4.00 | 34.00 | 38.00 | OK | |
| r-release-windows-x86_64 | 0.1.1 | 5.00 | 50.00 | 55.00 | OK | |
| r-oldrel-macos-arm64 | 0.1.1 | 2.00 | 18.00 | 20.00 | OK | |
| r-oldrel-macos-x86_64 | 0.1.1 | 2.00 | 28.00 | 30.00 | OK | |
| r-oldrel-windows-x86_64 | 0.1.1 | 7.00 | 59.00 | 66.00 | OK |
Version: 0.1.1
Check: HTML version of manual
Result: NOTE
Found the following HTML validation problems:
IRR2FPR_internal.html:76:1 (IRR2FPR_internal.Rd:21): Warning: missing </ul> before </div>
Flavor: r-devel-linux-x86_64-debian-clang