Last updated on 2025-10-31 09:50:19 CET.
| Flavor | Version | Tinstall | Tcheck | Ttotal | Status | Flags | 
|---|---|---|---|---|---|---|
| r-devel-linux-x86_64-debian-clang | 0.6-5 | 5.45 | 58.01 | 63.46 | NOTE | |
| r-devel-linux-x86_64-debian-gcc | 0.6-5 | 4.05 | 40.78 | 44.83 | NOTE | |
| r-devel-linux-x86_64-fedora-clang | 0.6-5 | 31.00 | 75.02 | 106.02 | OK | |
| r-devel-linux-x86_64-fedora-gcc | 0.6-5 | 15.00 | 77.08 | 92.08 | OK | |
| r-devel-windows-x86_64 | 0.6-5 | 8.00 | 81.00 | 89.00 | OK | |
| r-patched-linux-x86_64 | 0.6-5 | 7.44 | 55.45 | 62.89 | OK | |
| r-release-linux-x86_64 | 0.6-5 | 5.91 | 55.07 | 60.98 | OK | |
| r-release-macos-arm64 | 0.6-5 | 3.00 | 28.00 | 31.00 | OK | |
| r-release-macos-x86_64 | 0.6-5 | 9.00 | 82.00 | 91.00 | OK | |
| r-release-windows-x86_64 | 0.6-5 | 9.00 | 85.00 | 94.00 | OK | |
| r-oldrel-macos-arm64 | 0.6-5 | 2.00 | 31.00 | 33.00 | OK | |
| r-oldrel-macos-x86_64 | 0.6-5 | 8.00 | 66.00 | 74.00 | OK | |
| r-oldrel-windows-x86_64 | 0.6-5 | 8.00 | 94.00 | 102.00 | OK | 
Version: 0.6-5
Check: CRAN incoming feasibility
Result: NOTE
  Maintainer: ‘David Scott <d.scott@auckland.ac.nz>’
  
  No Authors@R field in DESCRIPTION.
  Please add one, modifying
    Authors@R: person(given = "David",
                      family = "Scott",
                      role = c("aut", "cre"),
                      email = "d.scott@auckland.ac.nz")
  as necessary.
Flavors: r-devel-linux-x86_64-debian-clang, r-devel-linux-x86_64-debian-gcc