Last updated on 2025-11-14 09:50:04 CET.
| Flavor | Version | Tinstall | Tcheck | Ttotal | Status | Flags |
|---|---|---|---|---|---|---|
| r-devel-linux-x86_64-debian-clang | 0.1.6 | 4.18 | 124.11 | 128.29 | WARN | |
| r-devel-linux-x86_64-debian-gcc | 0.1.6 | 2.90 | 92.01 | 94.91 | WARN | |
| r-devel-linux-x86_64-fedora-clang | 0.1.6 | 24.00 | 174.14 | 198.14 | WARN | |
| r-devel-linux-x86_64-fedora-gcc | 0.1.6 | 200.81 | WARN | |||
| r-devel-windows-x86_64 | 0.1.6 | 6.00 | 145.00 | 151.00 | OK | |
| r-patched-linux-x86_64 | 0.1.6 | 4.46 | 145.55 | 150.01 | WARN | |
| r-release-linux-x86_64 | 0.1.6 | 2.69 | 147.18 | 149.87 | WARN | |
| r-release-macos-arm64 | 0.1.6 | 2.00 | 74.00 | 76.00 | OK | |
| r-release-macos-x86_64 | 0.1.6 | 4.00 | 153.00 | 157.00 | OK | |
| r-release-windows-x86_64 | 0.1.6 | 5.00 | 143.00 | 148.00 | WARN | |
| r-oldrel-macos-arm64 | 0.1.6 | 3.00 | 114.00 | 117.00 | OK | |
| r-oldrel-macos-x86_64 | 0.1.6 | 3.00 | 162.00 | 165.00 | OK | |
| r-oldrel-windows-x86_64 | 0.1.6 | 7.00 | 213.00 | 220.00 | WARN |
Version: 0.1.6
Check: Rd files
Result: WARN
prepare_Rd: Undefined bibtex string name: doi
Flavors: r-devel-linux-x86_64-debian-clang, r-devel-linux-x86_64-debian-gcc, r-devel-linux-x86_64-fedora-clang, r-devel-linux-x86_64-fedora-gcc, r-patched-linux-x86_64, r-release-linux-x86_64, r-release-windows-x86_64, r-oldrel-windows-x86_64