Last updated on 2025-11-11 10:50:03 CET.
| Flavor | Version | Tinstall | Tcheck | Ttotal | Status | Flags |
|---|---|---|---|---|---|---|
| r-devel-linux-x86_64-debian-clang | 0.0.1 | 43.33 | 31.37 | 74.70 | OK | |
| r-devel-linux-x86_64-debian-gcc | 0.0.1 | 34.12 | 28.73 | 62.85 | OK | |
| r-devel-linux-x86_64-fedora-clang | 0.0.1 | 95.00 | 36.91 | 131.91 | OK | |
| r-devel-linux-x86_64-fedora-gcc | 0.0.1 | 100.00 | 34.15 | 134.15 | OK | |
| r-devel-windows-x86_64 | 0.0.1 | 54.00 | 71.00 | 125.00 | OK | |
| r-patched-linux-x86_64 | 0.0.1 | 48.74 | 33.54 | 82.28 | OK | |
| r-release-linux-x86_64 | 0.0.1 | 46.67 | 33.34 | 80.01 | OK | |
| r-release-macos-arm64 | 0.0.1 | 24.00 | 23.00 | 47.00 | OK | |
| r-release-macos-x86_64 | 0.0.1 | 23.00 | 29.00 | 52.00 | OK | |
| r-release-windows-x86_64 | 0.0.1 | 51.00 | 73.00 | 124.00 | OK | |
| r-oldrel-macos-arm64 | 0.0.1 | 21.00 | 20.00 | 41.00 | NOTE | |
| r-oldrel-macos-x86_64 | 0.0.1 | 19.00 | 25.00 | 44.00 | NOTE | |
| r-oldrel-windows-x86_64 | 0.0.1 | 60.00 | 86.00 | 146.00 | OK |
Version: 0.0.1
Check: installed package size
Result: NOTE
installed size is 17.0Mb
sub-directories of 1Mb or more:
libs 16.9Mb
Flavors: r-oldrel-macos-arm64, r-oldrel-macos-x86_64