CRAN Package Check Results for Package HCR

Last updated on 2025-11-27 11:50:03 CET.

Flavor Version Tinstall Tcheck Ttotal Status Flags
r-devel-linux-x86_64-debian-clang 0.1.1 2.07 29.35 31.42 NOTE
r-devel-linux-x86_64-debian-gcc 0.1.1 1.62 22.82 24.44 NOTE
r-devel-linux-x86_64-fedora-clang 0.1.1 47.16 OK
r-devel-linux-x86_64-fedora-gcc 0.1.1 43.53 OK
r-devel-windows-x86_64 0.1.1 5.00 45.00 50.00 OK
r-patched-linux-x86_64 0.1.1 2.34 27.28 29.62 OK
r-release-linux-x86_64 0.1.1 2.41 26.98 29.39 OK
r-release-macos-arm64 0.1.1 OK
r-release-macos-x86_64 0.1.1 2.00 30.00 32.00 OK
r-release-windows-x86_64 0.1.1 4.00 50.00 54.00 OK
r-oldrel-macos-arm64 0.1.1 NOTE
r-oldrel-macos-x86_64 0.1.1 2.00 28.00 30.00 NOTE
r-oldrel-windows-x86_64 0.1.1 3.00 51.00 54.00 NOTE

Check Details

Version: 0.1.1
Check: CRAN incoming feasibility
Result: NOTE Maintainer: ‘Jie Qiao <qiaojie.chn@gmail.com>’ Package CITATION file contains call(s) to old-style personList() or as.personList(). Please use c() on person objects instead. Package CITATION file contains call(s) to old-style citEntry(). Please use bibentry() instead. Flavors: r-devel-linux-x86_64-debian-clang, r-devel-linux-x86_64-debian-gcc

Version: 0.1.1
Check: LazyData
Result: NOTE 'LazyData' is specified without a 'data' directory Flavors: r-oldrel-macos-arm64, r-oldrel-macos-x86_64, r-oldrel-windows-x86_64