Last updated on 2025-11-02 10:50:46 CET.
| Flavor | Version | Tinstall | Tcheck | Ttotal | Status | Flags |
|---|---|---|---|---|---|---|
| r-devel-linux-x86_64-debian-clang | 3.2.1 | 42.67 | 313.90 | 356.57 | NOTE | |
| r-devel-linux-x86_64-debian-gcc | 3.2.1 | 29.00 | 201.40 | 230.40 | NOTE | |
| r-devel-linux-x86_64-fedora-clang | 3.2.1 | 97.00 | 466.57 | 563.57 | OK | |
| r-devel-linux-x86_64-fedora-gcc | 3.2.1 | 90.00 | 443.40 | 533.40 | OK | |
| r-devel-windows-x86_64 | 3.2.1 | 39.00 | 229.00 | 268.00 | OK | |
| r-patched-linux-x86_64 | 3.2.1 | 39.91 | 300.31 | 340.22 | OK | |
| r-release-linux-x86_64 | 3.2.1 | 42.25 | 300.77 | 343.02 | OK | |
| r-release-macos-arm64 | 3.2.1 | 19.00 | 112.00 | 131.00 | OK | |
| r-release-macos-x86_64 | 3.2.1 | 36.00 | 220.00 | 256.00 | OK | |
| r-release-windows-x86_64 | 3.2.1 | 38.00 | 223.00 | 261.00 | OK | |
| r-oldrel-macos-arm64 | 3.2.1 | 16.00 | 96.00 | 112.00 | OK | |
| r-oldrel-macos-x86_64 | 3.2.1 | 28.00 | 171.00 | 199.00 | OK | |
| r-oldrel-windows-x86_64 | 3.2.1 | 56.00 | 321.00 | 377.00 | OK |
Version: 3.2.1
Check: CRAN incoming feasibility
Result: NOTE
Maintainer: ‘Wayne Jones <wayne.w.jones@shell.com>’
No Authors@R field in DESCRIPTION.
Please add one, modifying
Authors@R: c(person(given = "Wayne",
family = "Jones",
role = c("aut", "cre"),
email = "wayne.w.jones@shell.com"),
person(given = "Ludger",
family = "Evers",
role = "aut",
email = "ludger.evers@glasgow.ac.uk"),
person(given = "Andrej",
family = "Aderhold",
role = "aut",
email = "andrej.aderhold@protonmail.com"))
as necessary.
Flavors: r-devel-linux-x86_64-debian-clang, r-devel-linux-x86_64-debian-gcc