Last updated on 2025-11-12 10:52:45 CET.
| Flavor | Version | Tinstall | Tcheck | Ttotal | Status | Flags |
|---|---|---|---|---|---|---|
| r-devel-linux-x86_64-debian-clang | 0.1.0-6 | 177.84 | 43.07 | 220.91 | OK | |
| r-devel-linux-x86_64-debian-gcc | 0.1.0-6 | 148.80 | 39.26 | 188.06 | OK | |
| r-devel-linux-x86_64-fedora-clang | 0.1.0-6 | 222.00 | 82.69 | 304.69 | OK | |
| r-devel-linux-x86_64-fedora-gcc | 0.1.0-6 | 340.00 | 94.46 | 434.46 | OK | |
| r-devel-windows-x86_64 | 0.1.0-6 | 150.00 | 91.00 | 241.00 | OK | |
| r-patched-linux-x86_64 | 0.1.0-6 | 196.58 | 50.76 | 247.34 | OK | |
| r-release-linux-x86_64 | 0.1.0-6 | 195.13 | 50.74 | 245.87 | OK | |
| r-release-macos-arm64 | 0.1.0-6 | 66.00 | 21.00 | 87.00 | OK | |
| r-release-macos-x86_64 | 0.1.0-6 | 80.00 | 34.00 | 114.00 | OK | |
| r-release-windows-x86_64 | 0.1.0-6 | 147.00 | 91.00 | 238.00 | OK | |
| r-oldrel-macos-arm64 | 0.1.0-6 | 71.00 | 21.00 | 92.00 | NOTE | |
| r-oldrel-macos-x86_64 | 0.1.0-6 | 62.00 | 28.00 | 90.00 | NOTE | |
| r-oldrel-windows-x86_64 | 0.1.0-6 | 186.00 | 110.00 | 296.00 | OK |
Version: 0.1.0-6
Check: installed package size
Result: NOTE
installed size is 35.8Mb
sub-directories of 1Mb or more:
libs 35.4Mb
Flavors: r-oldrel-macos-arm64, r-oldrel-macos-x86_64