Last updated on 2025-10-22 09:50:33 CEST.
Flavor | Version | Tinstall | Tcheck | Ttotal | Status | Flags |
---|---|---|---|---|---|---|
r-devel-linux-x86_64-debian-clang | 1.0.0 | 6.55 | 62.81 | 69.36 | OK | |
r-devel-linux-x86_64-debian-gcc | 1.0.0 | 4.26 | 45.03 | 49.29 | OK | |
r-devel-linux-x86_64-fedora-clang | 1.0.0 | 14.00 | 84.56 | 98.56 | NOTE | |
r-devel-linux-x86_64-fedora-gcc | 1.0.0 | 13.00 | 97.25 | 110.25 | NOTE | |
r-devel-windows-x86_64 | 1.0.0 | 7.00 | 70.00 | 77.00 | OK | |
r-patched-linux-x86_64 | 1.0.0 | 4.88 | 56.93 | 61.81 | OK | |
r-release-linux-x86_64 | 1.0.0 | 5.95 | 57.08 | 63.03 | OK | |
r-release-macos-arm64 | 1.0.0 | 3.00 | 38.00 | 41.00 | OK | |
r-release-macos-x86_64 | 1.0.0 | 4.00 | 57.00 | 61.00 | OK | |
r-release-windows-x86_64 | 1.0.0 | 8.00 | 72.00 | 80.00 | OK | |
r-oldrel-macos-arm64 | 1.0.0 | 2.00 | 28.00 | 30.00 | OK | |
r-oldrel-macos-x86_64 | 1.0.0 | 3.00 | 45.00 | 48.00 | OK | |
r-oldrel-windows-x86_64 | 1.0.0 | 9.00 | 88.00 | 97.00 | OK |
Version: 1.0.0
Check: dependencies in R code
Result: NOTE
Namespaces in Imports field not imported from:
‘knitr’ ‘utils’
All declared Imports should be used.
Flavors: r-devel-linux-x86_64-fedora-clang, r-devel-linux-x86_64-fedora-gcc