Last updated on 2025-10-24 09:50:02 CEST.
| Flavor | Version | Tinstall | Tcheck | Ttotal | Status | Flags |
|---|---|---|---|---|---|---|
| r-devel-linux-x86_64-debian-clang | 1.3.2.0 | 24.36 | 23.91 | 48.27 | OK | |
| r-devel-linux-x86_64-debian-gcc | 1.3.2.0 | 20.45 | 19.34 | 39.79 | OK | |
| r-devel-linux-x86_64-fedora-clang | 1.3.2.0 | 46.00 | 25.65 | 71.65 | OK | |
| r-devel-linux-x86_64-fedora-gcc | 1.3.2.0 | 55.00 | 16.42 | 71.42 | OK | |
| r-devel-windows-x86_64 | 1.3.2.0 | 24.00 | 38.00 | 62.00 | OK | |
| r-patched-linux-x86_64 | 1.3.2.0 | 24.02 | 22.46 | 46.48 | OK | |
| r-release-linux-x86_64 | 1.3.2.0 | 24.58 | 22.46 | 47.04 | OK | |
| r-release-macos-arm64 | 1.3.2.0 | 15.00 | 16.00 | 31.00 | OK | |
| r-release-macos-x86_64 | 1.3.2.0 | 28.00 | 26.00 | 54.00 | OK | |
| r-release-windows-x86_64 | 1.3.2.0 | 24.00 | 42.00 | 66.00 | OK | |
| r-oldrel-macos-arm64 | 1.3.2.0 | 19.00 | 17.00 | 36.00 | NOTE | |
| r-oldrel-macos-x86_64 | 1.3.2.0 | 23.00 | 28.00 | 51.00 | NOTE | |
| r-oldrel-windows-x86_64 | 1.3.2.0 | 27.00 | 43.00 | 70.00 | OK |
Version: 1.3.2.0
Check: installed package size
Result: NOTE
installed size is 5.9Mb
sub-directories of 1Mb or more:
data 5.8Mb
Flavors: r-oldrel-macos-arm64, r-oldrel-macos-x86_64