Last updated on 2025-11-24 09:50:32 CET.
| Flavor | Version | Tinstall | Tcheck | Ttotal | Status | Flags |
|---|---|---|---|---|---|---|
| r-devel-linux-x86_64-debian-clang | 1.0-9 | 8.25 | 73.95 | 82.20 | NOTE | |
| r-devel-linux-x86_64-debian-gcc | 1.0-9 | 6.97 | 62.08 | 69.05 | NOTE | |
| r-devel-linux-x86_64-fedora-clang | 1.0-9 | 26.00 | 104.22 | 130.22 | OK | |
| r-devel-windows-x86_64 | 1.0-9 | 9.00 | 103.00 | 112.00 | OK | |
| r-patched-linux-x86_64 | 1.0-9 | 9.24 | 66.02 | 75.26 | OK | |
| r-release-linux-x86_64 | 1.0-9 | 8.34 | 65.70 | 74.04 | OK | |
| r-release-macos-arm64 | 1.0-9 | OK | ||||
| r-release-macos-x86_64 | 1.0-9 | 8.00 | 84.00 | 92.00 | OK | |
| r-release-windows-x86_64 | 1.0-9 | 8.00 | 127.00 | 135.00 | OK | |
| r-oldrel-macos-arm64 | 1.0-9 | OK | ||||
| r-oldrel-macos-x86_64 | 1.0-9 | 8.00 | 61.00 | 69.00 | OK | |
| r-oldrel-windows-x86_64 | 1.0-9 | 9.00 | 108.00 | 117.00 | OK |
Version: 1.0-9
Check: CRAN incoming feasibility
Result: NOTE
Maintainer: ‘Ian Kopacka <ian.kopacka@ages.at>’
No Authors@R field in DESCRIPTION.
Please add one, modifying
Authors@R: person(given = "Ian",
family = "Kopacka",
role = c("aut", "cre"),
email = "ian.kopacka@ages.at")
as necessary.
Flavors: r-devel-linux-x86_64-debian-clang, r-devel-linux-x86_64-debian-gcc