CRAN Package Check Results for Package FADA

Last updated on 2025-11-22 09:49:52 CET.

Flavor Version Tinstall Tcheck Ttotal Status Flags
r-devel-linux-x86_64-debian-clang 1.3.5 7.58 70.49 78.07 NOTE
r-devel-linux-x86_64-debian-gcc 1.3.5 5.95 53.42 59.37 NOTE
r-devel-linux-x86_64-fedora-clang 1.3.5 20.00 102.32 122.32 OK
r-devel-windows-x86_64 1.3.5 10.00 80.00 90.00 OK
r-patched-linux-x86_64 1.3.5 7.04 67.57 74.61 OK
r-release-linux-x86_64 1.3.5 6.32 68.01 74.33 OK
r-release-macos-arm64 1.3.5 OK
r-release-macos-x86_64 1.3.5 8.00 69.00 77.00 OK
r-release-windows-x86_64 1.3.5 10.00 75.00 85.00 OK
r-oldrel-macos-arm64 1.3.5 OK
r-oldrel-macos-x86_64 1.3.5 5.00 49.00 54.00 OK
r-oldrel-windows-x86_64 1.3.5 12.00 99.00 111.00 OK

Check Details

Version: 1.3.5
Check: CRAN incoming feasibility
Result: NOTE Maintainer: ‘David Causeur <david.causeur@agrocampus-ouest.fr>’ No Authors@R field in DESCRIPTION. Please add one, modifying Authors@R: c(person(given = "Emeline", family = "Perthame", role = "aut", comment = "Institut Pasteur, Paris, France"), person(given = "Chloe", family = "Friguet", role = "aut", comment = "Universite de Bretagne Sud, Vannes, France"), person(given = "David", family = "Causeur", role = c("aut", "cre"), email = "david.causeur@agrocampus-ouest.fr", comment = "Agrocampus\n Ouest, Rennes, France")) as necessary. Flavors: r-devel-linux-x86_64-debian-clang, r-devel-linux-x86_64-debian-gcc