CRAN Package Check Results for Package EnergyOnlineCPM

Last updated on 2025-11-12 10:52:42 CET.

Flavor Version Tinstall Tcheck Ttotal Status Flags
r-devel-linux-x86_64-debian-clang 1.0 2.10 25.34 27.44 NOTE
r-devel-linux-x86_64-debian-gcc 1.0 1.88 19.97 21.85 NOTE
r-devel-linux-x86_64-fedora-clang 1.0 42.09 OK
r-devel-linux-x86_64-fedora-gcc 1.0 40.19 OK
r-devel-windows-x86_64 1.0 4.00 42.00 46.00 OK
r-patched-linux-x86_64 1.0 2.17 24.09 26.26 OK
r-release-linux-x86_64 1.0 2.13 23.89 26.02 OK
r-release-macos-arm64 1.0 1.00 32.00 33.00 OK
r-release-macos-x86_64 1.0 2.00 51.00 53.00 OK
r-release-windows-x86_64 1.0 3.00 41.00 44.00 OK
r-oldrel-macos-arm64 1.0 1.00 29.00 30.00 OK
r-oldrel-macos-x86_64 1.0 2.00 43.00 45.00 OK
r-oldrel-windows-x86_64 1.0 5.00 46.00 51.00 OK

Check Details

Version: 1.0
Check: CRAN incoming feasibility
Result: NOTE Maintainer: ‘Yafei Xu <yafei.xu@hotmail.de>’ No Authors@R field in DESCRIPTION. Please add one, modifying Authors@R: person(given = "Yafei", family = "Xu", role = c("aut", "cre"), email = "yafei.xu@hotmail.de") as necessary. Flavors: r-devel-linux-x86_64-debian-clang, r-devel-linux-x86_64-debian-gcc