CRAN Package Check Results for Package Eagle

Last updated on 2025-11-23 12:49:47 CET.

Flavor Version Tinstall Tcheck Ttotal Status Flags
r-devel-linux-x86_64-debian-clang 2.5 194.78 88.11 282.89 NOTE
r-devel-linux-x86_64-debian-gcc 2.5 135.80 68.03 203.83 NOTE
r-devel-linux-x86_64-fedora-clang 2.5 397.00 157.78 554.78 NOTE
r-devel-windows-x86_64 2.5 255.00 117.00 372.00 NOTE
r-patched-linux-x86_64 2.5 180.12 88.84 268.96 NOTE
r-release-linux-x86_64 2.5 183.86 89.09 272.95 NOTE
r-release-macos-arm64 2.5 NOTE
r-release-macos-x86_64 2.5 53.00 60.00 113.00 NOTE
r-release-windows-x86_64 2.5 204.00 118.00 322.00 NOTE
r-oldrel-macos-arm64 2.5 NOTE
r-oldrel-macos-x86_64 2.5 54.00 50.00 104.00 NOTE
r-oldrel-windows-x86_64 2.5 237.00 150.00 387.00 NOTE

Check Details

Version: 2.5
Check: CRAN incoming feasibility
Result: NOTE Maintainer: ‘Andrew George <geo047@gmail.com>’ Package CITATION file contains call(s) to old-style citEntry(). Please use bibentry() instead. Flavors: r-devel-linux-x86_64-debian-clang, r-devel-linux-x86_64-debian-gcc

Version: 2.5
Check: Rd files
Result: NOTE checkRd: (-1) AM.Rd:95-98: Lost braces in \itemize; meant \describe ? checkRd: (-1) AM.Rd:99-102: Lost braces in \itemize; meant \describe ? checkRd: (-1) AM.Rd:103: Lost braces in \itemize; meant \describe ? checkRd: (-1) AM.Rd:123-125: Lost braces in \itemize; meant \describe ? checkRd: (-1) AM.Rd:126-133: Lost braces in \itemize; meant \describe ? checkRd: (-1) AM.Rd:134-135: Lost braces in \itemize; meant \describe ? checkRd: (-1) AM.Rd:136-137: Lost braces in \itemize; meant \describe ? checkRd: (-1) AM.Rd:163-165: Lost braces in \itemize; meant \describe ? checkRd: (-1) AM.Rd:166-173: Lost braces in \itemize; meant \describe ? checkRd: (-1) AM.Rd:174-176: Lost braces in \itemize; meant \describe ? checkRd: (-1) AM.Rd:177-178: Lost braces in \itemize; meant \describe ? checkRd: (-1) AM.Rd:179-180: Lost braces in \itemize; meant \describe ? Flavors: r-devel-linux-x86_64-debian-clang, r-devel-linux-x86_64-debian-gcc, r-devel-linux-x86_64-fedora-clang, r-devel-windows-x86_64, r-patched-linux-x86_64, r-release-linux-x86_64, r-release-macos-arm64, r-release-macos-x86_64, r-release-windows-x86_64, r-oldrel-macos-arm64, r-oldrel-macos-x86_64, r-oldrel-windows-x86_64

Version: 2.5
Check: C++ specification
Result: NOTE Specified C++11: please drop specification unless essential Flavors: r-devel-windows-x86_64, r-release-windows-x86_64, r-oldrel-windows-x86_64

Version: 2.5
Check: installed package size
Result: NOTE installed size is 12.7Mb sub-directories of 1Mb or more: libs 11.3Mb shiny_app 1.1Mb Flavors: r-oldrel-macos-arm64, r-oldrel-macos-x86_64