Last updated on 2025-11-02 10:50:42 CET.
| Flavor | Version | Tinstall | Tcheck | Ttotal | Status | Flags |
|---|---|---|---|---|---|---|
| r-devel-linux-x86_64-debian-clang | 0.2.0 | 15.69 | 166.55 | 182.24 | NOTE | |
| r-devel-linux-x86_64-debian-gcc | 0.2.0 | 9.92 | 115.31 | 125.23 | NOTE | |
| r-devel-linux-x86_64-fedora-clang | 0.2.0 | 40.00 | 234.56 | 274.56 | NOTE | |
| r-devel-linux-x86_64-fedora-gcc | 0.2.0 | 33.00 | 242.59 | 275.59 | NOTE | |
| r-devel-windows-x86_64 | 0.2.0 | 17.00 | 147.00 | 164.00 | NOTE | |
| r-patched-linux-x86_64 | 0.2.0 | 14.20 | 150.17 | 164.37 | NOTE | |
| r-release-linux-x86_64 | 0.2.0 | 14.16 | 152.40 | 166.56 | NOTE | |
| r-release-macos-arm64 | 0.2.0 | 7.00 | 64.00 | 71.00 | NOTE | |
| r-release-macos-x86_64 | 0.2.0 | 14.00 | 128.00 | 142.00 | NOTE | |
| r-release-windows-x86_64 | 0.2.0 | 17.00 | 144.00 | 161.00 | NOTE | |
| r-oldrel-macos-arm64 | 0.2.0 | 8.00 | 72.00 | 80.00 | NOTE | |
| r-oldrel-macos-x86_64 | 0.2.0 | 12.00 | 111.00 | 123.00 | NOTE | |
| r-oldrel-windows-x86_64 | 0.2.0 | 23.00 | 203.00 | 226.00 | NOTE |
Version: 0.2.0
Check: CRAN incoming feasibility
Result: NOTE
Maintainer: ‘Ladislas Nalborczyk <ladislas.nalborczyk@gmail.com>’
The Description field contains
<arXiv:1704.02030v3>).
Please refer to arXiv e-prints via their arXiv DOI <doi:10.48550/arXiv.YYMM.NNNNN>.
Flavors: r-devel-linux-x86_64-debian-clang, r-devel-linux-x86_64-debian-gcc
Version: 0.2.0
Check: Rd files
Result: NOTE
checkRd: (-1) aic.Rd:25: Escaped LaTeX specials: \&
checkRd: (-1) aic.Rd:29: Escaped LaTeX specials: \&
checkRd: (-1) ictab.Rd:56: Escaped LaTeX specials: \&
checkRd: (-1) ictab.Rd:60: Escaped LaTeX specials: \&
checkRd: (-1) ictab.Rd:64: Escaped LaTeX specials: \&
Flavors: r-devel-linux-x86_64-debian-clang, r-devel-linux-x86_64-debian-gcc, r-devel-linux-x86_64-fedora-clang, r-devel-linux-x86_64-fedora-gcc, r-devel-windows-x86_64, r-patched-linux-x86_64, r-release-linux-x86_64, r-release-macos-arm64, r-release-macos-x86_64, r-release-windows-x86_64, r-oldrel-macos-arm64, r-oldrel-macos-x86_64, r-oldrel-windows-x86_64
Version: 0.2.0
Check: LazyData
Result: NOTE
'LazyData' is specified without a 'data' directory
Flavors: r-oldrel-macos-arm64, r-oldrel-macos-x86_64, r-oldrel-windows-x86_64