Last updated on 2025-11-11 10:49:59 CET.
| Flavor | Version | Tinstall | Tcheck | Ttotal | Status | Flags |
|---|---|---|---|---|---|---|
| r-devel-linux-x86_64-debian-clang | 2.3.0 | 20.39 | 132.11 | 152.50 | OK | |
| r-devel-linux-x86_64-debian-gcc | 2.3.0 | 14.35 | 83.80 | 98.15 | OK | |
| r-devel-linux-x86_64-fedora-clang | 2.3.0 | 74.00 | 174.23 | 248.23 | OK | |
| r-devel-linux-x86_64-fedora-gcc | 2.3.0 | 41.00 | 180.43 | 221.43 | OK | |
| r-devel-windows-x86_64 | 2.3.0 | 26.00 | 148.00 | 174.00 | OK | |
| r-patched-linux-x86_64 | 2.3.0 | 22.80 | 125.45 | 148.25 | OK | |
| r-release-linux-x86_64 | 2.3.0 | 20.26 | 122.70 | 142.96 | OK | |
| r-release-macos-arm64 | 2.3.0 | 9.00 | 40.00 | 49.00 | OK | |
| r-release-macos-x86_64 | 2.3.0 | 20.00 | 72.00 | 92.00 | OK | |
| r-release-windows-x86_64 | 2.3.0 | 27.00 | 151.00 | 178.00 | OK | |
| r-oldrel-macos-arm64 | 2.3.0 | 11.00 | 50.00 | 61.00 | OK | |
| r-oldrel-macos-x86_64 | 2.3.0 | 20.00 | 75.00 | 95.00 | OK | |
| r-oldrel-windows-x86_64 | 2.3.0 | 1.00 | 9.00 | 10.00 | ERROR |
Version: 2.3.0
Check: package dependencies
Result: ERROR
Packages required but not available: 'fungible', 'semPlot'
See section 'The DESCRIPTION file' in the 'Writing R Extensions'
manual.
Flavor: r-oldrel-windows-x86_64