Last updated on 2025-11-23 12:49:46 CET.
| Flavor | Version | Tinstall | Tcheck | Ttotal | Status | Flags |
|---|---|---|---|---|---|---|
| r-devel-linux-x86_64-debian-clang | 0.7-2 | 5.74 | 56.22 | 61.96 | OK | |
| r-devel-linux-x86_64-debian-gcc | 0.7-2 | 4.81 | 42.66 | 47.47 | OK | |
| r-devel-linux-x86_64-fedora-clang | 0.7-2 | 16.00 | 78.91 | 94.91 | OK | |
| r-devel-windows-x86_64 | 0.7-2 | 13.00 | 68.00 | 81.00 | NOTE | |
| r-patched-linux-x86_64 | 0.7-2 | 6.37 | 52.35 | 58.72 | OK | |
| r-release-linux-x86_64 | 0.7-2 | 5.80 | 52.30 | 58.10 | OK | |
| r-release-macos-arm64 | 0.7-2 | OK | ||||
| r-release-macos-x86_64 | 0.7-2 | 8.00 | 101.00 | 109.00 | OK | |
| r-release-windows-x86_64 | 0.7-2 | 12.00 | 69.00 | 81.00 | OK | |
| r-oldrel-macos-arm64 | 0.7-2 | OK | ||||
| r-oldrel-macos-x86_64 | 0.7-2 | 6.00 | 109.00 | 115.00 | OK | |
| r-oldrel-windows-x86_64 | 0.7-2 | 13.00 | 82.00 | 95.00 | OK |
Version: 0.7-2
Check: Rd files
Result: NOTE
checkRd: (-1) DirichletReg-package.Rd:9-15: Only 2 columns allowed in this table (row 6 has 1)
Flavor: r-devel-windows-x86_64