Last updated on 2025-10-30 09:49:48 CET.
| Flavor | Version | Tinstall | Tcheck | Ttotal | Status | Flags |
|---|---|---|---|---|---|---|
| r-devel-linux-x86_64-debian-clang | 0.1.0 | 54.09 | 412.34 | 466.43 | OK | |
| r-devel-linux-x86_64-debian-gcc | 0.1.0 | 33.65 | 281.59 | 315.24 | OK | |
| r-devel-linux-x86_64-fedora-clang | 0.1.0 | 393.00 | 378.51 | 771.51 | OK | |
| r-devel-linux-x86_64-fedora-gcc | 0.1.0 | 231.00 | 530.97 | 761.97 | OK | |
| r-devel-windows-x86_64 | 0.1.0 | 52.00 | 347.00 | 399.00 | OK | |
| r-patched-linux-x86_64 | 0.1.0 | 0.29 | 1.80 | 2.09 | ERROR | |
| r-release-linux-x86_64 | 0.1.0 | 49.00 | 389.47 | 438.47 | OK | |
| r-release-macos-arm64 | 0.1.0 | 22.00 | 146.00 | 168.00 | OK | |
| r-release-macos-x86_64 | 0.1.0 | 42.00 | 290.00 | 332.00 | OK | |
| r-release-windows-x86_64 | 0.1.0 | 51.00 | 342.00 | 393.00 | OK | |
| r-oldrel-macos-arm64 | 0.1.0 | 22.00 | 146.00 | 168.00 | OK | |
| r-oldrel-macos-x86_64 | 0.1.0 | 34.00 | 249.00 | 283.00 | OK | |
| r-oldrel-windows-x86_64 | 0.1.0 | 67.00 | 446.00 | 513.00 | OK |
Version: 0.1.0
Check: package dependencies
Result: ERROR
Packages required but not available: 'MAST', 'SummarizedExperiment'
See section ‘The DESCRIPTION file’ in the ‘Writing R Extensions’
manual.
Flavor: r-patched-linux-x86_64