Last updated on 2025-10-21 09:48:30 CEST.
Flavor | Version | Tinstall | Tcheck | Ttotal | Status | Flags |
---|---|---|---|---|---|---|
r-devel-linux-x86_64-debian-clang | 3.0.2 | 32.70 | 86.96 | 119.66 | OK | |
r-devel-linux-x86_64-debian-gcc | 3.0.2 | 23.70 | 64.13 | 87.83 | NOTE | |
r-devel-linux-x86_64-fedora-clang | 3.0.2 | 186.50 | OK | |||
r-devel-linux-x86_64-fedora-gcc | 3.0.2 | 184.08 | OK | |||
r-devel-windows-x86_64 | 3.0.2 | 35.00 | 105.00 | 140.00 | OK | |
r-patched-linux-x86_64 | 3.0.2 | 34.34 | 84.59 | 118.93 | OK | |
r-release-linux-x86_64 | 3.0.2 | 31.40 | 84.07 | 115.47 | OK | |
r-release-macos-arm64 | 3.0.2 | 50.00 | OK | |||
r-release-macos-x86_64 | 3.0.2 | 82.00 | OK | |||
r-release-windows-x86_64 | 3.0.2 | 38.00 | 106.00 | 144.00 | OK | |
r-oldrel-macos-arm64 | 3.0.2 | 55.00 | NOTE | |||
r-oldrel-macos-x86_64 | 3.0.2 | 86.00 | NOTE | |||
r-oldrel-windows-x86_64 | 3.0.2 | 45.00 | 144.00 | 189.00 | OK |
Version: 3.0.2
Check: HTML version of manual
Result: NOTE
Found the following HTML validation problems:
DPTM.html:366:1 (DPTM.Rd:232): Warning: missing </ul> before </div>
DPTM.html:161:1 (DPTM.Rd:99): Warning: <h5> anchor "Usage" already defined
DPTM.html:176:1 (DPTM.Rd:112): Warning: <h5> anchor "Arguments" already defined
DPTM.html:213:1 (DPTM.Rd:139): Warning: <h5> anchor "Usage" already defined
DPTM.html:219:1 (DPTM.Rd:143): Warning: <h5> anchor "Arguments" already defined
DPTM.html:242:1 (DPTM.Rd:156): Warning: <h5> anchor "Usage" already defined
DPTM.html:248:1 (DPTM.Rd:160): Warning: <h5> anchor "Arguments" already defined
DPTM.html:271:1 (DPTM.Rd:173): Warning: <h5> anchor "Usage" already defined
DPTM.html:283:1 (DPTM.Rd:183): Warning: <h5> anchor "Arguments" already defined
DPTM.html:314:1 (DPTM.Rd:204): Warning: <h5> anchor "Usage" already defined
DPTM.html:320:1 (DPTM.Rd:208): Warning: <h5> anchor "Arguments" already defined
DPTM.html:343:1 (DPTM.Rd:221): Warning: <h5> anchor "Usage" already defined
DPTM.html:349:1 (DPTM.Rd:225): Warning: <h5> anchor "Arguments" already defined
Flavor: r-devel-linux-x86_64-debian-gcc
Version: 3.0.2
Check: installed package size
Result: NOTE
installed size is 7.5Mb
sub-directories of 1Mb or more:
libs 7.2Mb
Flavors: r-oldrel-macos-arm64, r-oldrel-macos-x86_64