Last updated on 2025-11-19 09:48:33 CET.
| Flavor | Version | Tinstall | Tcheck | Ttotal | Status | Flags |
|---|---|---|---|---|---|---|
| r-devel-linux-x86_64-debian-clang | 1.10 | 67.51 | 202.11 | 269.62 | OK | |
| r-devel-linux-x86_64-debian-gcc | 1.10 | 45.61 | 121.12 | 166.73 | OK | |
| r-devel-linux-x86_64-fedora-clang | 1.10 | 139.00 | 325.86 | 464.86 | OK | |
| r-devel-linux-x86_64-fedora-gcc | 1.10 | 79.00 | 364.10 | 443.10 | OK | |
| r-devel-windows-x86_64 | 1.10 | 76.00 | 204.00 | 280.00 | OK | |
| r-patched-linux-x86_64 | 1.10 | 68.04 | 184.67 | 252.71 | OK | |
| r-release-linux-x86_64 | 1.10 | 68.36 | 184.80 | 253.16 | OK | |
| r-release-macos-arm64 | 1.10 | 24.00 | 94.00 | 118.00 | OK | |
| r-release-macos-x86_64 | 1.10 | 27.00 | 180.00 | 207.00 | OK | |
| r-release-windows-x86_64 | 1.10 | 75.00 | 201.00 | 276.00 | OK | |
| r-oldrel-macos-arm64 | 1.10 | 23.00 | 96.00 | 119.00 | NOTE | |
| r-oldrel-macos-x86_64 | 1.10 | 22.00 | 136.00 | 158.00 | NOTE | |
| r-oldrel-windows-x86_64 | 1.10 | 91.00 | 285.00 | 376.00 | OK |
Version: 1.10
Check: installed package size
Result: NOTE
installed size is 5.0Mb
sub-directories of 1Mb or more:
libs 4.4Mb
Flavors: r-oldrel-macos-arm64, r-oldrel-macos-x86_64