Last updated on 2025-11-22 09:49:51 CET.
| Flavor | Version | Tinstall | Tcheck | Ttotal | Status | Flags |
|---|---|---|---|---|---|---|
| r-devel-linux-x86_64-debian-clang | 3.1.6 | 12.57 | 83.30 | 95.87 | NOTE | |
| r-devel-linux-x86_64-debian-gcc | 3.1.6 | 7.55 | 62.03 | 69.58 | NOTE | |
| r-devel-linux-x86_64-fedora-clang | 3.1.6 | 48.00 | 99.30 | 147.30 | OK | |
| r-devel-windows-x86_64 | 3.1.6 | 12.00 | 89.00 | 101.00 | OK | |
| r-patched-linux-x86_64 | 3.1.6 | 11.16 | 79.64 | 90.80 | OK | |
| r-release-linux-x86_64 | 3.1.6 | 12.03 | 80.06 | 92.09 | OK | |
| r-release-macos-arm64 | 3.1.6 | OK | ||||
| r-release-macos-x86_64 | 3.1.6 | 10.00 | 68.00 | 78.00 | OK | |
| r-release-windows-x86_64 | 3.1.6 | 12.00 | 90.00 | 102.00 | OK | |
| r-oldrel-macos-arm64 | 3.1.6 | OK | ||||
| r-oldrel-macos-x86_64 | 3.1.6 | 8.00 | 52.00 | 60.00 | OK | |
| r-oldrel-windows-x86_64 | 3.1.6 | 17.00 | 109.00 | 126.00 | OK |
Version: 3.1.6
Check: CRAN incoming feasibility
Result: NOTE
Maintainer: ‘Moritz Berger <moritz.berger@imbie.uni-bonn.de>’
No Authors@R field in DESCRIPTION.
Please add one, modifying
Authors@R: person(given = "Moritz",
family = "Berger",
role = c("aut", "cre"),
email = "moritz.berger@imbie.uni-bonn.de")
as necessary.
Flavors: r-devel-linux-x86_64-debian-clang, r-devel-linux-x86_64-debian-gcc