Last updated on 2025-11-25 10:50:06 CET.
| Flavor | Version | Tinstall | Tcheck | Ttotal | Status | Flags |
|---|---|---|---|---|---|---|
| r-devel-linux-x86_64-debian-clang | 0.2-10 | 7.60 | 74.69 | 82.29 | NOTE | |
| r-devel-linux-x86_64-debian-gcc | 0.2-10 | 6.22 | 53.83 | 60.05 | NOTE | |
| r-devel-linux-x86_64-fedora-clang | 0.2-10 | 17.00 | 106.69 | 123.69 | OK | |
| r-devel-linux-x86_64-fedora-gcc | 0.2-10 | 17.00 | 112.65 | 129.65 | OK | |
| r-devel-windows-x86_64 | 0.2-10 | 15.00 | 100.00 | 115.00 | OK | |
| r-patched-linux-x86_64 | 0.2-10 | 7.42 | 70.73 | 78.15 | OK | |
| r-release-linux-x86_64 | 0.2-10 | 7.22 | 71.04 | 78.26 | OK | |
| r-release-macos-arm64 | 0.2-10 | OK | ||||
| r-release-macos-x86_64 | 0.2-10 | 9.00 | 73.00 | 82.00 | OK | |
| r-release-windows-x86_64 | 0.2-10 | 12.00 | 105.00 | 117.00 | OK | |
| r-oldrel-macos-arm64 | 0.2-10 | OK | ||||
| r-oldrel-macos-x86_64 | 0.2-10 | 10.00 | 49.00 | 59.00 | OK | |
| r-oldrel-windows-x86_64 | 0.2-10 | 15.00 | 115.00 | 130.00 | OK |
Version: 0.2-10
Check: CRAN incoming feasibility
Result: NOTE
Maintainer: ‘Virgilio Gómez-Rubio <Virgilio.Gomez@uclm.es>’
No Authors@R field in DESCRIPTION.
Please add one, modifying
Authors@R: c(person(given = "Virgilio",
family = "Gómez-Rubio",
role = c("aut", "cre"),
email = "virgilio.gomez@uclm.es"),
person(given = "Juan",
family = "Ferrándiz-Ferragud",
role = "aut"),
person(given = "Antonio",
family = "López-Quílez",
role = "aut"),
person(given = c("with", "contributions", "by", "Roger"),
family = "Bivand.",
role = "aut"))
as necessary.
Flavors: r-devel-linux-x86_64-debian-clang, r-devel-linux-x86_64-debian-gcc