Last updated on 2025-10-31 09:50:14 CET.
| Flavor | Version | Tinstall | Tcheck | Ttotal | Status | Flags | 
|---|---|---|---|---|---|---|
| r-devel-linux-x86_64-debian-clang | 2.1.3 | 2.78 | 35.86 | 38.64 | NOTE | |
| r-devel-linux-x86_64-debian-gcc | 2.1.3 | 1.86 | 28.23 | 30.09 | NOTE | |
| r-devel-linux-x86_64-fedora-clang | 2.1.3 | 23.00 | 39.82 | 62.82 | OK | |
| r-devel-linux-x86_64-fedora-gcc | 2.1.3 | 70.31 | OK | |||
| r-devel-windows-x86_64 | 2.1.3 | 5.00 | 54.00 | 59.00 | OK | |
| r-patched-linux-x86_64 | 2.1.3 | 3.35 | 34.53 | 37.88 | OK | |
| r-release-linux-x86_64 | 2.1.3 | 2.56 | 34.56 | 37.12 | OK | |
| r-release-macos-arm64 | 2.1.3 | 1.00 | 24.00 | 25.00 | OK | |
| r-release-macos-x86_64 | 2.1.3 | 3.00 | 46.00 | 49.00 | OK | |
| r-release-windows-x86_64 | 2.1.3 | 5.00 | 57.00 | 62.00 | OK | |
| r-oldrel-macos-arm64 | 2.1.3 | 1.00 | 24.00 | 25.00 | OK | |
| r-oldrel-macos-x86_64 | 2.1.3 | 2.00 | 35.00 | 37.00 | OK | |
| r-oldrel-windows-x86_64 | 2.1.3 | 4.00 | 62.00 | 66.00 | OK | 
Version: 2.1.3
Check: CRAN incoming feasibility
Result: NOTE
  Maintainer: ‘Niklas Hohmann <Niklas.Hohmann@fau.de>’
  
  No Authors@R field in DESCRIPTION.
  Please add one, modifying
    Authors@R: person(given = "Niklas",
                      family = "Hohmann",
                      role = c("aut", "cre"),
                      email = "niklas.hohmann@fau.de")
  as necessary.
Flavors: r-devel-linux-x86_64-debian-clang, r-devel-linux-x86_64-debian-gcc